{"id":43636,"date":"2023-08-07T10:33:14","date_gmt":"2023-08-07T10:33:14","guid":{"rendered":"https:\/\/staging3.escapehunt.com\/be\/brussels\/?page_id=43636"},"modified":"2023-11-13T17:05:00","modified_gmt":"2023-11-13T17:05:00","slug":"evenement-noel-entreprise","status":"publish","type":"page","link":"https:\/\/staging3.escapehunt.com\/be\/brussels\/evenement-noel-entreprise\/","title":{"rendered":"\u00c9v\u00e9nement No\u00ebl Entreprise"},"content":{"rendered":"","protected":false},"excerpt":{"rendered":"","protected":false},"author":62,"featured_media":0,"parent":0,"menu_order":0,"comment_status":"closed","ping_status":"closed","template":"templates\/template-flexible.php","meta":{"_acf_changed":false,"footnotes":""},"class_list":["post-43636","page","type-page","status-publish","hentry"],"acf":{"custom_schema_json":""},"yoast_head":"<!-- This site is optimized with the Yoast SEO plugin v27.3 - https:\/\/yoast.com\/product\/yoast-seo-wordpress\/ -->\n<title>Activit\u00e9 No\u00ebl Bruxelles | F\u00eate de No\u00ebl \u00e0 Bruxelles 2023 | Escape Hunt<\/title>\n<meta name=\"description\" content=\"Rassemblez votre \u00e9quipe pour No\u00ebl. Escape Hunt vous ouvre ses portes pour vous proposer le meilleur des \u00e9v\u00e9nements de fin d\u2019ann\u00e9e !\" \/>\n<meta name=\"robots\" content=\"noindex, follow, max-snippet:-1, max-image-preview:large, max-video-preview:-1\" \/>\n<meta property=\"og:locale\" content=\"fr_FR\" \/>\n<meta property=\"og:type\" content=\"article\" \/>\n<meta property=\"og:title\" content=\"Activit\u00e9 No\u00ebl Bruxelles | F\u00eate de No\u00ebl \u00e0 Bruxelles 2023 | Escape Hunt\" \/>\n<meta property=\"og:description\" content=\"Rassemblez votre \u00e9quipe pour No\u00ebl. Escape Hunt vous ouvre ses portes pour vous proposer le meilleur des \u00e9v\u00e9nements de fin d\u2019ann\u00e9e !\" \/>\n<meta property=\"og:url\" content=\"https:\/\/escapehunt.com\/be\/brussels\/evenement-noel-entreprise\/\" \/>\n<meta property=\"og:site_name\" content=\"Brussels\" \/>\n<meta property=\"article:modified_time\" content=\"2023-11-13T17:05:00+00:00\" \/>\n<meta name=\"twitter:card\" content=\"summary_large_image\" \/>\n<script type=\"application\/ld+json\" class=\"yoast-schema-graph\">{\"@context\":\"https:\\\/\\\/schema.org\",\"@graph\":[{\"@type\":\"WebPage\",\"@id\":\"https:\\\/\\\/escapehunt.com\\\/be\\\/brussels\\\/evenement-noel-entreprise\\\/\",\"url\":\"https:\\\/\\\/escapehunt.com\\\/be\\\/brussels\\\/evenement-noel-entreprise\\\/\",\"name\":\"Activit\u00e9 No\u00ebl Bruxelles | F\u00eate de No\u00ebl \u00e0 Bruxelles 2023 | Escape Hunt\",\"isPartOf\":{\"@id\":\"https:\\\/\\\/escapehunt.com\\\/be\\\/brussels\\\/#website\"},\"datePublished\":\"2023-08-07T10:33:14+00:00\",\"dateModified\":\"2023-11-13T17:05:00+00:00\",\"description\":\"Rassemblez votre \u00e9quipe pour No\u00ebl. Escape Hunt vous ouvre ses portes pour vous proposer le meilleur des \u00e9v\u00e9nements de fin d\u2019ann\u00e9e !\",\"breadcrumb\":{\"@id\":\"https:\\\/\\\/escapehunt.com\\\/be\\\/brussels\\\/evenement-noel-entreprise\\\/#breadcrumb\"},\"inLanguage\":\"fr-FR\",\"potentialAction\":[{\"@type\":\"ReadAction\",\"target\":[\"https:\\\/\\\/escapehunt.com\\\/be\\\/brussels\\\/evenement-noel-entreprise\\\/\"]}]},{\"@type\":\"BreadcrumbList\",\"@id\":\"https:\\\/\\\/escapehunt.com\\\/be\\\/brussels\\\/evenement-noel-entreprise\\\/#breadcrumb\",\"itemListElement\":[{\"@type\":\"ListItem\",\"position\":1,\"name\":\"Home\",\"item\":\"https:\\\/\\\/escapehunt.com\\\/be\\\/brussels\\\/\"},{\"@type\":\"ListItem\",\"position\":2,\"name\":\"\u00c9v\u00e9nement No\u00ebl Entreprise\"}]},{\"@type\":\"WebSite\",\"@id\":\"https:\\\/\\\/escapehunt.com\\\/be\\\/brussels\\\/#website\",\"url\":\"https:\\\/\\\/escapehunt.com\\\/be\\\/brussels\\\/\",\"name\":\"Brussels\",\"description\":\"Escape Hunt Brussels - Number 1 Escape Game in Brussels\",\"potentialAction\":[{\"@type\":\"SearchAction\",\"target\":{\"@type\":\"EntryPoint\",\"urlTemplate\":\"https:\\\/\\\/escapehunt.com\\\/be\\\/brussels\\\/?s={search_term_string}\"},\"query-input\":{\"@type\":\"PropertyValueSpecification\",\"valueRequired\":true,\"valueName\":\"search_term_string\"}}],\"inLanguage\":\"fr-FR\"}]}<\/script>\n<!-- \/ Yoast SEO plugin. -->","yoast_head_json":{"title":"Activit\u00e9 No\u00ebl Bruxelles | F\u00eate de No\u00ebl \u00e0 Bruxelles 2023 | Escape Hunt","description":"Rassemblez votre \u00e9quipe pour No\u00ebl. Escape Hunt vous ouvre ses portes pour vous proposer le meilleur des \u00e9v\u00e9nements de fin d\u2019ann\u00e9e !","robots":{"index":"noindex","follow":"follow","max-snippet":"max-snippet:-1","max-image-preview":"max-image-preview:large","max-video-preview":"max-video-preview:-1"},"og_locale":"fr_FR","og_type":"article","og_title":"Activit\u00e9 No\u00ebl Bruxelles | F\u00eate de No\u00ebl \u00e0 Bruxelles 2023 | Escape Hunt","og_description":"Rassemblez votre \u00e9quipe pour No\u00ebl. Escape Hunt vous ouvre ses portes pour vous proposer le meilleur des \u00e9v\u00e9nements de fin d\u2019ann\u00e9e !","og_url":"https:\/\/escapehunt.com\/be\/brussels\/evenement-noel-entreprise\/","og_site_name":"Brussels","article_modified_time":"2023-11-13T17:05:00+00:00","twitter_card":"summary_large_image","schema":{"@context":"https:\/\/schema.org","@graph":[{"@type":"WebPage","@id":"https:\/\/escapehunt.com\/be\/brussels\/evenement-noel-entreprise\/","url":"https:\/\/escapehunt.com\/be\/brussels\/evenement-noel-entreprise\/","name":"Activit\u00e9 No\u00ebl Bruxelles | F\u00eate de No\u00ebl \u00e0 Bruxelles 2023 | Escape Hunt","isPartOf":{"@id":"https:\/\/escapehunt.com\/be\/brussels\/#website"},"datePublished":"2023-08-07T10:33:14+00:00","dateModified":"2023-11-13T17:05:00+00:00","description":"Rassemblez votre \u00e9quipe pour No\u00ebl. Escape Hunt vous ouvre ses portes pour vous proposer le meilleur des \u00e9v\u00e9nements de fin d\u2019ann\u00e9e !","breadcrumb":{"@id":"https:\/\/escapehunt.com\/be\/brussels\/evenement-noel-entreprise\/#breadcrumb"},"inLanguage":"fr-FR","potentialAction":[{"@type":"ReadAction","target":["https:\/\/escapehunt.com\/be\/brussels\/evenement-noel-entreprise\/"]}]},{"@type":"BreadcrumbList","@id":"https:\/\/escapehunt.com\/be\/brussels\/evenement-noel-entreprise\/#breadcrumb","itemListElement":[{"@type":"ListItem","position":1,"name":"Home","item":"https:\/\/escapehunt.com\/be\/brussels\/"},{"@type":"ListItem","position":2,"name":"\u00c9v\u00e9nement No\u00ebl Entreprise"}]},{"@type":"WebSite","@id":"https:\/\/escapehunt.com\/be\/brussels\/#website","url":"https:\/\/escapehunt.com\/be\/brussels\/","name":"Brussels","description":"Escape Hunt Brussels - Number 1 Escape Game in Brussels","potentialAction":[{"@type":"SearchAction","target":{"@type":"EntryPoint","urlTemplate":"https:\/\/escapehunt.com\/be\/brussels\/?s={search_term_string}"},"query-input":{"@type":"PropertyValueSpecification","valueRequired":true,"valueName":"search_term_string"}}],"inLanguage":"fr-FR"}]}},"custom_schema_json":"","_links":{"self":[{"href":"https:\/\/staging3.escapehunt.com\/be\/brussels\/wp-json\/wp\/v2\/pages\/43636","targetHints":{"allow":["GET"]}}],"collection":[{"href":"https:\/\/staging3.escapehunt.com\/be\/brussels\/wp-json\/wp\/v2\/pages"}],"about":[{"href":"https:\/\/staging3.escapehunt.com\/be\/brussels\/wp-json\/wp\/v2\/types\/page"}],"author":[{"embeddable":true,"href":"https:\/\/staging3.escapehunt.com\/be\/brussels\/wp-json\/wp\/v2\/users\/62"}],"replies":[{"embeddable":true,"href":"https:\/\/staging3.escapehunt.com\/be\/brussels\/wp-json\/wp\/v2\/comments?post=43636"}],"version-history":[{"count":0,"href":"https:\/\/staging3.escapehunt.com\/be\/brussels\/wp-json\/wp\/v2\/pages\/43636\/revisions"}],"wp:attachment":[{"href":"https:\/\/staging3.escapehunt.com\/be\/brussels\/wp-json\/wp\/v2\/media?parent=43636"}],"curies":[{"name":"wp","href":"https:\/\/api.w.org\/{rel}","templated":true}]}}