{"id":137,"date":"2018-10-03T12:37:01","date_gmt":"2018-10-03T12:37:01","guid":{"rendered":"http:\/\/s27835.p712.sites.pressdns.com\/fr\/bordeaux\/?page_id=137"},"modified":"2019-11-07T17:15:57","modified_gmt":"2019-11-07T17:15:57","slug":"travailler-a-escape-hunt","status":"publish","type":"page","link":"https:\/\/staging3.escapehunt.com\/fr\/bordeaux\/travailler-a-escape-hunt\/","title":{"rendered":"Travailler chez Escape Hunt Bordeaux"},"content":{"rendered":"<p><span style=\"font-weight: 400;\">Rejoindre notre fabuleuse \u00e9quipe vous int\u00e9resse ? Voici la liste des postes disponibles actuellement :\u00a0<\/span><\/p>\n<div><strong>Devenir apprenti d\u00e9tective<\/strong><\/div>\n<p><!--more--><\/p>\n<div>\n<div>Sherlock a toujours eu besoin de Watson pour r\u00e9aliser ses missions correctement, m\u00eame temporairement tu pourrais nous aider notamment pour aider \u00e0 la communication et le community management. Format de la mission : stage long<\/div>\n<div>Cv \u00e0 envoyer \u00e0\u00a0<a href=\"mailto:tarek@escapehunt.com\" target=\"_blank\" rel=\"noopener noreferrer\">tarek@escapehunt.com<\/a><\/div>\n<\/div>\n<p>&nbsp;<\/p>\n<div><\/div>\n<div>\n<div><strong>Devenir Game Master\u00a0<\/strong><\/div>\n<\/div>\n<p><!--more--><\/p>\n<div>\n<div>En tant que prestataire ind\u00e9pendant, tu es libre de venir animer des parties en fonction de tes disponibilit\u00e9s, ainsi tu peux g\u00e9rer tes diff\u00e9rentes activit\u00e9s comme tu le souhaites.<\/div>\n<div>Cv \u00e0 envoyer \u00e0\u00a0<a href=\"mailto:bordeaux.manager@escapehunt.com\" target=\"_blank\" rel=\"noopener noreferrer\">bordeaux.manager@escapehunt.com<\/a><\/div>\n<\/div>\n","protected":false},"excerpt":{"rendered":"<p>Rejoindre notre fabuleuse \u00e9quipe vous int\u00e9resse ? Voici la liste des postes disponibles actuellement :\u00a0 Devenir apprenti d\u00e9tective<\/p>\n","protected":false},"author":12,"featured_media":0,"parent":0,"menu_order":0,"comment_status":"closed","ping_status":"closed","template":"views\/careers.php","meta":{"_acf_changed":false,"footnotes":""},"class_list":["post-137","page","type-page","status-publish","hentry"],"acf":{"custom_schema_json":""},"yoast_head":"<!-- This site is optimized with the Yoast SEO plugin v27.3 - https:\/\/yoast.com\/product\/yoast-seo-wordpress\/ -->\n<title>Travailler chez Escape Hunt Bordeaux | Escape Hunt Bordeaux<\/title>\n<meta name=\"description\" content=\"Vous souhaitez rejoindre notre \u00e9quipe ? Decouvrez les postes \u00e0 pourvoir chez Escape Hunt Bordeaux.\" \/>\n<meta name=\"robots\" content=\"noindex, follow, max-snippet:-1, max-image-preview:large, max-video-preview:-1\" \/>\n<meta property=\"og:locale\" content=\"fr_FR\" \/>\n<meta property=\"og:type\" content=\"article\" \/>\n<meta property=\"og:title\" content=\"Travailler chez Escape Hunt Bordeaux | Escape Hunt Bordeaux\" \/>\n<meta property=\"og:description\" content=\"Vous souhaitez rejoindre notre \u00e9quipe ? Decouvrez les postes \u00e0 pourvoir chez Escape Hunt Bordeaux.\" \/>\n<meta property=\"og:url\" content=\"https:\/\/escapehunt.com\/fr\/bordeaux\/travailler-a-escape-hunt\/\" \/>\n<meta property=\"og:site_name\" content=\"Bordeaux\" \/>\n<meta property=\"article:modified_time\" content=\"2019-11-07T17:15:57+00:00\" \/>\n<meta name=\"twitter:card\" content=\"summary_large_image\" \/>\n<meta name=\"twitter:label1\" content=\"Dur\u00e9e de lecture estim\u00e9e\" \/>\n\t<meta name=\"twitter:data1\" content=\"1 minute\" \/>\n<script type=\"application\/ld+json\" class=\"yoast-schema-graph\">{\"@context\":\"https:\\\/\\\/schema.org\",\"@graph\":[{\"@type\":\"WebPage\",\"@id\":\"https:\\\/\\\/escapehunt.com\\\/fr\\\/bordeaux\\\/travailler-a-escape-hunt\\\/\",\"url\":\"https:\\\/\\\/escapehunt.com\\\/fr\\\/bordeaux\\\/travailler-a-escape-hunt\\\/\",\"name\":\"Travailler chez Escape Hunt Bordeaux | Escape Hunt Bordeaux\",\"isPartOf\":{\"@id\":\"https:\\\/\\\/escapehunt.com\\\/fr\\\/bordeaux\\\/#website\"},\"datePublished\":\"2018-10-03T12:37:01+00:00\",\"dateModified\":\"2019-11-07T17:15:57+00:00\",\"description\":\"Vous souhaitez rejoindre notre \u00e9quipe ? Decouvrez les postes \u00e0 pourvoir chez Escape Hunt Bordeaux.\",\"breadcrumb\":{\"@id\":\"https:\\\/\\\/escapehunt.com\\\/fr\\\/bordeaux\\\/travailler-a-escape-hunt\\\/#breadcrumb\"},\"inLanguage\":\"fr-FR\",\"potentialAction\":[{\"@type\":\"ReadAction\",\"target\":[\"https:\\\/\\\/escapehunt.com\\\/fr\\\/bordeaux\\\/travailler-a-escape-hunt\\\/\"]}]},{\"@type\":\"BreadcrumbList\",\"@id\":\"https:\\\/\\\/escapehunt.com\\\/fr\\\/bordeaux\\\/travailler-a-escape-hunt\\\/#breadcrumb\",\"itemListElement\":[{\"@type\":\"ListItem\",\"position\":1,\"name\":\"Home\",\"item\":\"https:\\\/\\\/escapehunt.com\\\/fr\\\/bordeaux\\\/\"},{\"@type\":\"ListItem\",\"position\":2,\"name\":\"Travailler chez Escape Hunt Bordeaux\"}]},{\"@type\":\"WebSite\",\"@id\":\"https:\\\/\\\/escapehunt.com\\\/fr\\\/bordeaux\\\/#website\",\"url\":\"https:\\\/\\\/escapehunt.com\\\/fr\\\/bordeaux\\\/\",\"name\":\"Bordeaux\",\"description\":\"Escape Hunt Bordeaux \u2013 Number 1 Escape Game in Bordeaux\",\"potentialAction\":[{\"@type\":\"SearchAction\",\"target\":{\"@type\":\"EntryPoint\",\"urlTemplate\":\"https:\\\/\\\/escapehunt.com\\\/fr\\\/bordeaux\\\/?s={search_term_string}\"},\"query-input\":{\"@type\":\"PropertyValueSpecification\",\"valueRequired\":true,\"valueName\":\"search_term_string\"}}],\"inLanguage\":\"fr-FR\"}]}<\/script>\n<!-- \/ Yoast SEO plugin. -->","yoast_head_json":{"title":"Travailler chez Escape Hunt Bordeaux | Escape Hunt Bordeaux","description":"Vous souhaitez rejoindre notre \u00e9quipe ? Decouvrez les postes \u00e0 pourvoir chez Escape Hunt Bordeaux.","robots":{"index":"noindex","follow":"follow","max-snippet":"max-snippet:-1","max-image-preview":"max-image-preview:large","max-video-preview":"max-video-preview:-1"},"og_locale":"fr_FR","og_type":"article","og_title":"Travailler chez Escape Hunt Bordeaux | Escape Hunt Bordeaux","og_description":"Vous souhaitez rejoindre notre \u00e9quipe ? Decouvrez les postes \u00e0 pourvoir chez Escape Hunt Bordeaux.","og_url":"https:\/\/escapehunt.com\/fr\/bordeaux\/travailler-a-escape-hunt\/","og_site_name":"Bordeaux","article_modified_time":"2019-11-07T17:15:57+00:00","twitter_card":"summary_large_image","twitter_misc":{"Dur\u00e9e de lecture estim\u00e9e":"1 minute"},"schema":{"@context":"https:\/\/schema.org","@graph":[{"@type":"WebPage","@id":"https:\/\/escapehunt.com\/fr\/bordeaux\/travailler-a-escape-hunt\/","url":"https:\/\/escapehunt.com\/fr\/bordeaux\/travailler-a-escape-hunt\/","name":"Travailler chez Escape Hunt Bordeaux | Escape Hunt Bordeaux","isPartOf":{"@id":"https:\/\/escapehunt.com\/fr\/bordeaux\/#website"},"datePublished":"2018-10-03T12:37:01+00:00","dateModified":"2019-11-07T17:15:57+00:00","description":"Vous souhaitez rejoindre notre \u00e9quipe ? Decouvrez les postes \u00e0 pourvoir chez Escape Hunt Bordeaux.","breadcrumb":{"@id":"https:\/\/escapehunt.com\/fr\/bordeaux\/travailler-a-escape-hunt\/#breadcrumb"},"inLanguage":"fr-FR","potentialAction":[{"@type":"ReadAction","target":["https:\/\/escapehunt.com\/fr\/bordeaux\/travailler-a-escape-hunt\/"]}]},{"@type":"BreadcrumbList","@id":"https:\/\/escapehunt.com\/fr\/bordeaux\/travailler-a-escape-hunt\/#breadcrumb","itemListElement":[{"@type":"ListItem","position":1,"name":"Home","item":"https:\/\/escapehunt.com\/fr\/bordeaux\/"},{"@type":"ListItem","position":2,"name":"Travailler chez Escape Hunt Bordeaux"}]},{"@type":"WebSite","@id":"https:\/\/escapehunt.com\/fr\/bordeaux\/#website","url":"https:\/\/escapehunt.com\/fr\/bordeaux\/","name":"Bordeaux","description":"Escape Hunt Bordeaux \u2013 Number 1 Escape Game in Bordeaux","potentialAction":[{"@type":"SearchAction","target":{"@type":"EntryPoint","urlTemplate":"https:\/\/escapehunt.com\/fr\/bordeaux\/?s={search_term_string}"},"query-input":{"@type":"PropertyValueSpecification","valueRequired":true,"valueName":"search_term_string"}}],"inLanguage":"fr-FR"}]}},"custom_schema_json":"","_links":{"self":[{"href":"https:\/\/staging3.escapehunt.com\/fr\/bordeaux\/wp-json\/wp\/v2\/pages\/137","targetHints":{"allow":["GET"]}}],"collection":[{"href":"https:\/\/staging3.escapehunt.com\/fr\/bordeaux\/wp-json\/wp\/v2\/pages"}],"about":[{"href":"https:\/\/staging3.escapehunt.com\/fr\/bordeaux\/wp-json\/wp\/v2\/types\/page"}],"author":[{"embeddable":true,"href":"https:\/\/staging3.escapehunt.com\/fr\/bordeaux\/wp-json\/wp\/v2\/users\/12"}],"replies":[{"embeddable":true,"href":"https:\/\/staging3.escapehunt.com\/fr\/bordeaux\/wp-json\/wp\/v2\/comments?post=137"}],"version-history":[{"count":0,"href":"https:\/\/staging3.escapehunt.com\/fr\/bordeaux\/wp-json\/wp\/v2\/pages\/137\/revisions"}],"wp:attachment":[{"href":"https:\/\/staging3.escapehunt.com\/fr\/bordeaux\/wp-json\/wp\/v2\/media?parent=137"}],"curies":[{"name":"wp","href":"https:\/\/api.w.org\/{rel}","templated":true}]}}