{"id":75,"date":"2018-10-03T09:01:18","date_gmt":"2018-10-03T09:01:18","guid":{"rendered":"http:\/\/s27835.p712.sites.pressdns.com\/fr\/bordeaux\/?page_id=75"},"modified":"2021-09-14T09:45:37","modified_gmt":"2021-09-14T09:45:37","slug":"teambuilding-bordeaux","status":"publish","type":"page","link":"https:\/\/staging3.escapehunt.com\/fr\/bordeaux\/teambuilding-bordeaux\/","title":{"rendered":"SOLUTIONS POUR LES ENTREPRISES"},"content":{"rendered":"<p>Escape Hunt Bordeaux est le lieu id\u00e9al pour organiser votre <a href=\"https:\/\/staging3.escapehunt.com\/fr\/bordeaux\/packages\/team-building-et-sortie-entreprise\/\">teambuilding<\/a>, votre soir\u00e9e d&rsquo;entreprise, votre s\u00e9minaire, <a href=\"https:\/\/staging3.escapehunt.com\/fr\/bordeaux\/packages\/salle-de-reunion\/\">votre r\u00e9union<\/a> ou encore votre soir\u00e9e de No\u00ebl. Nous pouvons \u00e9galement nous d\u00e9placer chez vous via nos solutions d&rsquo;<a href=\"https:\/\/staging3.escapehunt.com\/fr\/bordeaux\/packages\/escape-game-mobile\/\">Escape Game mobile<\/a> ou encore vous proposer un <a href=\"https:\/\/staging3.escapehunt.com\/fr\/bordeaux\/packages\/jeu-de-piste\/\">jeu de piste<\/a> outdoor connect\u00e9.<\/p>\n","protected":false},"excerpt":{"rendered":"<p>Escape Hunt Bordeaux est le lieu id\u00e9al pour organiser votre teambuilding, votre soir\u00e9e d&rsquo;entreprise, votre s\u00e9minaire, votre r\u00e9union ou encore votre soir\u00e9e de No\u00ebl. Nous pouvons \u00e9galement nous d\u00e9placer chez&hellip;<\/p>\n","protected":false},"author":12,"featured_media":0,"parent":0,"menu_order":0,"comment_status":"closed","ping_status":"closed","template":"views\/team-building.php","meta":{"_acf_changed":false,"footnotes":""},"class_list":["post-75","page","type-page","status-publish","hentry"],"acf":{"custom_schema_json":""},"yoast_head":"<!-- This site is optimized with the Yoast SEO plugin v27.3 - https:\/\/yoast.com\/product\/yoast-seo-wordpress\/ -->\n<title>Teambuilding Bordeaux | Escape Game jusqu&#039;\u00e0 90 personnes<\/title>\n<meta name=\"description\" content=\"L&#039;activit\u00e9 id\u00e9ale pour un teambuilding \u00e0 bordeaux pour favoriser la coh\u00e9sion d&#039;\u00e9quipe. Contactez nous pour concevoir votre event \u00e0 Bordeaux !\" \/>\n<meta name=\"robots\" content=\"noindex, follow, max-snippet:-1, max-image-preview:large, max-video-preview:-1\" \/>\n<meta property=\"og:locale\" content=\"fr_FR\" \/>\n<meta property=\"og:type\" content=\"article\" \/>\n<meta property=\"og:title\" content=\"Teambuilding Bordeaux | Escape Game jusqu&#039;\u00e0 90 personnes\" \/>\n<meta property=\"og:description\" content=\"L&#039;activit\u00e9 id\u00e9ale pour un teambuilding \u00e0 bordeaux pour favoriser la coh\u00e9sion d&#039;\u00e9quipe. Contactez nous pour concevoir votre event \u00e0 Bordeaux !\" \/>\n<meta property=\"og:url\" content=\"https:\/\/escapehunt.com\/fr\/bordeaux\/teambuilding-bordeaux\/\" \/>\n<meta property=\"og:site_name\" content=\"Bordeaux\" \/>\n<meta property=\"article:modified_time\" content=\"2021-09-14T09:45:37+00:00\" \/>\n<meta name=\"twitter:card\" content=\"summary_large_image\" \/>\n<script type=\"application\/ld+json\" class=\"yoast-schema-graph\">{\"@context\":\"https:\\\/\\\/schema.org\",\"@graph\":[{\"@type\":\"WebPage\",\"@id\":\"https:\\\/\\\/escapehunt.com\\\/fr\\\/bordeaux\\\/teambuilding-bordeaux\\\/\",\"url\":\"https:\\\/\\\/escapehunt.com\\\/fr\\\/bordeaux\\\/teambuilding-bordeaux\\\/\",\"name\":\"Teambuilding Bordeaux | Escape Game jusqu'\u00e0 90 personnes\",\"isPartOf\":{\"@id\":\"https:\\\/\\\/escapehunt.com\\\/fr\\\/bordeaux\\\/#website\"},\"datePublished\":\"2018-10-03T09:01:18+00:00\",\"dateModified\":\"2021-09-14T09:45:37+00:00\",\"description\":\"L'activit\u00e9 id\u00e9ale pour un teambuilding \u00e0 bordeaux pour favoriser la coh\u00e9sion d'\u00e9quipe. Contactez nous pour concevoir votre event \u00e0 Bordeaux !\",\"breadcrumb\":{\"@id\":\"https:\\\/\\\/escapehunt.com\\\/fr\\\/bordeaux\\\/teambuilding-bordeaux\\\/#breadcrumb\"},\"inLanguage\":\"fr-FR\",\"potentialAction\":[{\"@type\":\"ReadAction\",\"target\":[\"https:\\\/\\\/escapehunt.com\\\/fr\\\/bordeaux\\\/teambuilding-bordeaux\\\/\"]}]},{\"@type\":\"BreadcrumbList\",\"@id\":\"https:\\\/\\\/escapehunt.com\\\/fr\\\/bordeaux\\\/teambuilding-bordeaux\\\/#breadcrumb\",\"itemListElement\":[{\"@type\":\"ListItem\",\"position\":1,\"name\":\"Home\",\"item\":\"https:\\\/\\\/escapehunt.com\\\/fr\\\/bordeaux\\\/\"},{\"@type\":\"ListItem\",\"position\":2,\"name\":\"SOLUTIONS POUR LES ENTREPRISES\"}]},{\"@type\":\"WebSite\",\"@id\":\"https:\\\/\\\/escapehunt.com\\\/fr\\\/bordeaux\\\/#website\",\"url\":\"https:\\\/\\\/escapehunt.com\\\/fr\\\/bordeaux\\\/\",\"name\":\"Bordeaux\",\"description\":\"Escape Hunt Bordeaux \u2013 Number 1 Escape Game in Bordeaux\",\"potentialAction\":[{\"@type\":\"SearchAction\",\"target\":{\"@type\":\"EntryPoint\",\"urlTemplate\":\"https:\\\/\\\/escapehunt.com\\\/fr\\\/bordeaux\\\/?s={search_term_string}\"},\"query-input\":{\"@type\":\"PropertyValueSpecification\",\"valueRequired\":true,\"valueName\":\"search_term_string\"}}],\"inLanguage\":\"fr-FR\"}]}<\/script>\n<!-- \/ Yoast SEO plugin. -->","yoast_head_json":{"title":"Teambuilding Bordeaux | Escape Game jusqu'\u00e0 90 personnes","description":"L'activit\u00e9 id\u00e9ale pour un teambuilding \u00e0 bordeaux pour favoriser la coh\u00e9sion d'\u00e9quipe. Contactez nous pour concevoir votre event \u00e0 Bordeaux !","robots":{"index":"noindex","follow":"follow","max-snippet":"max-snippet:-1","max-image-preview":"max-image-preview:large","max-video-preview":"max-video-preview:-1"},"og_locale":"fr_FR","og_type":"article","og_title":"Teambuilding Bordeaux | Escape Game jusqu'\u00e0 90 personnes","og_description":"L'activit\u00e9 id\u00e9ale pour un teambuilding \u00e0 bordeaux pour favoriser la coh\u00e9sion d'\u00e9quipe. Contactez nous pour concevoir votre event \u00e0 Bordeaux !","og_url":"https:\/\/escapehunt.com\/fr\/bordeaux\/teambuilding-bordeaux\/","og_site_name":"Bordeaux","article_modified_time":"2021-09-14T09:45:37+00:00","twitter_card":"summary_large_image","schema":{"@context":"https:\/\/schema.org","@graph":[{"@type":"WebPage","@id":"https:\/\/escapehunt.com\/fr\/bordeaux\/teambuilding-bordeaux\/","url":"https:\/\/escapehunt.com\/fr\/bordeaux\/teambuilding-bordeaux\/","name":"Teambuilding Bordeaux | Escape Game jusqu'\u00e0 90 personnes","isPartOf":{"@id":"https:\/\/escapehunt.com\/fr\/bordeaux\/#website"},"datePublished":"2018-10-03T09:01:18+00:00","dateModified":"2021-09-14T09:45:37+00:00","description":"L'activit\u00e9 id\u00e9ale pour un teambuilding \u00e0 bordeaux pour favoriser la coh\u00e9sion d'\u00e9quipe. Contactez nous pour concevoir votre event \u00e0 Bordeaux !","breadcrumb":{"@id":"https:\/\/escapehunt.com\/fr\/bordeaux\/teambuilding-bordeaux\/#breadcrumb"},"inLanguage":"fr-FR","potentialAction":[{"@type":"ReadAction","target":["https:\/\/escapehunt.com\/fr\/bordeaux\/teambuilding-bordeaux\/"]}]},{"@type":"BreadcrumbList","@id":"https:\/\/escapehunt.com\/fr\/bordeaux\/teambuilding-bordeaux\/#breadcrumb","itemListElement":[{"@type":"ListItem","position":1,"name":"Home","item":"https:\/\/escapehunt.com\/fr\/bordeaux\/"},{"@type":"ListItem","position":2,"name":"SOLUTIONS POUR LES ENTREPRISES"}]},{"@type":"WebSite","@id":"https:\/\/escapehunt.com\/fr\/bordeaux\/#website","url":"https:\/\/escapehunt.com\/fr\/bordeaux\/","name":"Bordeaux","description":"Escape Hunt Bordeaux \u2013 Number 1 Escape Game in Bordeaux","potentialAction":[{"@type":"SearchAction","target":{"@type":"EntryPoint","urlTemplate":"https:\/\/escapehunt.com\/fr\/bordeaux\/?s={search_term_string}"},"query-input":{"@type":"PropertyValueSpecification","valueRequired":true,"valueName":"search_term_string"}}],"inLanguage":"fr-FR"}]}},"custom_schema_json":"","_links":{"self":[{"href":"https:\/\/staging3.escapehunt.com\/fr\/bordeaux\/wp-json\/wp\/v2\/pages\/75","targetHints":{"allow":["GET"]}}],"collection":[{"href":"https:\/\/staging3.escapehunt.com\/fr\/bordeaux\/wp-json\/wp\/v2\/pages"}],"about":[{"href":"https:\/\/staging3.escapehunt.com\/fr\/bordeaux\/wp-json\/wp\/v2\/types\/page"}],"author":[{"embeddable":true,"href":"https:\/\/staging3.escapehunt.com\/fr\/bordeaux\/wp-json\/wp\/v2\/users\/12"}],"replies":[{"embeddable":true,"href":"https:\/\/staging3.escapehunt.com\/fr\/bordeaux\/wp-json\/wp\/v2\/comments?post=75"}],"version-history":[{"count":0,"href":"https:\/\/staging3.escapehunt.com\/fr\/bordeaux\/wp-json\/wp\/v2\/pages\/75\/revisions"}],"wp:attachment":[{"href":"https:\/\/staging3.escapehunt.com\/fr\/bordeaux\/wp-json\/wp\/v2\/media?parent=75"}],"curies":[{"name":"wp","href":"https:\/\/api.w.org\/{rel}","templated":true}]}}