{"id":140,"date":"2018-10-03T12:41:20","date_gmt":"2018-10-03T12:41:20","guid":{"rendered":"http:\/\/s27835.p712.sites.pressdns.com\/fr\/bordeaux\/?page_id=140"},"modified":"2019-06-20T16:16:39","modified_gmt":"2019-06-20T16:16:39","slug":"conditions-generales","status":"publish","type":"page","link":"https:\/\/staging3.escapehunt.com\/fr\/larochelle\/conditions-generales\/","title":{"rendered":"CONDITIONS G\u00c9N\u00c9RALES"},"content":{"rendered":"<p>Pour utiliser notre site Web et venir jouer \u00e0 nos jeux, il est n\u00e9cessaire d\u2019accepter ce qui suit:<\/p>\n<p>&nbsp;<\/p>\n<p>Pr\u00e9ambule:<\/p>\n<p>Chaque r\u00e9servation est d\u00e9finitive. Elle peut \u00eatre report\u00e9e jusqu\u2019\u00e0 5 jours avant en fonction des disponibilit\u00e9s. En dessous de 5 jours, aucun changement, ni annulation ou report ne sont possibles. En aucun cas une partie n\u2019est remboursable.<\/p>\n<p>Selon l\u2019article L.221-28 du Code de la Consommation qui pr\u00e9voit que le droit de r\u00e9tractation ne peut \u00eatre exerc\u00e9 pour les activit\u00e9s de loisirs fournies \u00e0 une date ou \u00e0 une p\u00e9riode d\u00e9termin\u00e9e, l\u2019achat d\u2019un abonnement, de billets ou de bons \u00e0 l\u2019unit\u00e9, ne peut faire l\u2019objet d\u2019un droit de r\u00e9tractation.<\/p>\n<p>Lors de l\u2019achat de bon cadeau ou de coffret cadeau, le consommateur dispose d\u2019un d\u00e9lai de quatorze jours pour exercer son droit de r\u00e9tractation d\u2019un contrat conclu \u00e0 distance, \u00e0 la suite d\u2019un d\u00e9marchage t\u00e9l\u00e9phonique ou hors \u00e9tablissement, sans avoir \u00e0 motiver sa d\u00e9cision ni \u00e0 supporter d\u2019autres co\u00fbts que ceux pr\u00e9vus aux articles L. 221-23 \u00e0 L. 221-25.<\/p>\n<p>En cas de probl\u00e8me suite \u00e0 un achat \u00e0 distance (par internet, t\u00e9l\u00e9phone\u2026), vous pouvez nous contacter pour que nous puissions vous aider \u00e0 trouver une solution.<\/p>\n<p>En cas de litige, vous pouvez contacter:<\/p>\n<p>\u2013 concernant les r\u00e9servations, le M\u00e9diateur du Tourisme et du Voyage (MTV) en le contactant par courrier\u00a0 au MTV M\u00e9diation Tourisme Voyage\u00a0\u00a0 BP 80 303 \u2013 75 823 Paris Cedex 17<\/p>\n<p>\u2013 concernant l\u2019achat de bon cadeau ou de coffret cadeau, le m\u00e9diateur du commerce et de la distribution sur le site https:\/\/mediateur.fcd.fr\/<\/p>\n<p>&nbsp;<\/p>\n<h4>G\u00c9N\u00c9RAL<\/h4>\n<p>1.1 Rien en ces termes et conditions n\u2019est destin\u00e9 \u00e0 vous causer perte de droits ou inconv\u00e9nients.<\/p>\n<p>&nbsp;<\/p>\n<p>1.2. Le jeu est con\u00e7u pour une \u00e9quipe de 2-5 personnes par salle. La salle est pour vous et vos compagnons de jeu, vous ne rejoignez pas un autre groupe.<\/p>\n<p>&nbsp;<\/p>\n<p>1.3. Les marques et logos figurant sur le site sont la propri\u00e9t\u00e9 de The Escape Hunt Experience. Vous n\u2019\u00eates pas autoris\u00e9(e) \u00e0 utiliser ceux-ci sans l\u2019autorisation \u00e9crite pr\u00e9alable de The Escape Hunt Experience et vous acceptez que cette utilisation puisse constituer une violation des droits du propri\u00e9taire concern\u00e9.<\/p>\n<p>&nbsp;<\/p>\n<p>1.4. Ces termes et conditions et tout contrat conclu incorporant ces termes et conditions sont r\u00e9gis par le droit fran\u00e7ais et tout litige sera soumis \u00e0 la comp\u00e9tence exclusive des tribunaux fran\u00e7ais.<\/p>\n<p>&nbsp;<\/p>\n<p>1.5. Tous les termes de ce contrat sont inclus et se trouvent \u00e0 l\u2019int\u00e9rieur de ces termes et conditions.<\/p>\n<p>&nbsp;<\/p>\n<p>1.6. Nous pouvons cr\u00e9er un lien vers d\u2019autres sites et ne pouvons accepter aucune responsabilit\u00e9 pour cela, et vous les utilisez \u00e0 vos propres risques.<\/p>\n<p>&nbsp;<\/p>\n<p>1.7. The Escape Hunt Experience recueille et stocke vos donn\u00e9es personnelles sans les divulguer \u00e0 une tierce partie et se consacre \u00e0 s\u2019assurer que la confidentialit\u00e9 de vos renseignements personnels soit prot\u00e9g\u00e9e.<\/p>\n<p>&nbsp;<\/p>\n<p>1.8. En raison de la nature du jeu, aucune photo ou enregistrement ne peuvent \u00eatre prises \u00e0 l\u2019int\u00e9rieur de la salle.<\/p>\n<p>&nbsp;<\/p>\n<p>1.9. The Escape Hunt Experience attend de ses visiteurs et clients qu\u2019ils ne divulguent pas les d\u00e9tails du jeu directement ou indirectement au public.<\/p>\n<p>&nbsp;<\/p>\n<p>1.10. The Escape Hunt Experience peut vous contacter de temps \u00e0 autre avec des offres et des promotions par e-mail ou par t\u00e9l\u00e9phone.<\/p>\n<p>&nbsp;<\/p>\n<p>1.11. The Escape Hunt Experience est en droit de facturer les clients pour tout dommage, qu\u2019ils soient intentionnels ou caus\u00e9s par une mauvaise utilisation des articles.<\/p>\n<p>&nbsp;<\/p>\n<p>1.12. Dans nos locaux, vous devez suivre nos r\u00e8gles et r\u00e8glements, adopter des normes appropri\u00e9es de comportement et coop\u00e9rer avec nos employ\u00e9s en tout temps.<\/p>\n<p>&nbsp;<\/p>\n<p>1.13. The Escape Hunt Experience ne tol\u00e8re aucune forme de harc\u00e8lement ou d\u2019intimidation envers ses employ\u00e9s.<\/p>\n<p>&nbsp;<\/p>\n<h4>SITE INTERNET<\/h4>\n<p>2.1. Le site https:\/\/larochelle.escapehunt.com\/ est d\u00e9tenu et exploit\u00e9 par The Escape Hunt Experience LTD. La soci\u00e9t\u00e9 se r\u00e9serve le droit de modifier ces termes et conditions, y compris le contenu du site Web \u00e0 sa seule discr\u00e9tion et sans pr\u00e9avis.<\/p>\n<p>2.2. Les termes ci-apr\u00e8s s\u2019appliquent \u00e0 l\u2019utilisation par tout visiteur du site Escape Hunt et doivent \u00eatre lus attentivement avant toute utilisation.<\/p>\n<p>2.3. The Escape Hunt Experience fait de son mieux pour vous fournir l\u2019information la plus \u00e0 jour et exacte sur son site Internet.<\/p>\n<p>2.4. Le site Escape Hunt est con\u00e7u pour votre usage personnel et non commercial. Vous ne pouvez pas modifier, copier, distribuer, transmettre, afficher, ex\u00e9cuter, reproduire, publier, licencier, cr\u00e9er des \u0153uvres d\u00e9riv\u00e9es, transf\u00e9rer ou vendre toute information obtenue \u00e0 partir de ce site.<\/p>\n<p>2.5. Vous n\u2019\u00eates pas autoris\u00e9(e) \u00e0 cr\u00e9er un lien vers ou d\u2019utiliser tout ou partie du site Exp\u00e9rience Escape Hunt \u00e0 toute fin frauduleuse, ill\u00e9gale, diffamatoire, nuisible, obsc\u00e8ne ou r\u00e9pr\u00e9hensible.<\/p>\n<p>2.6. Vous acceptez que le site Internet ne soit pas enti\u00e8rement s\u00e9curis\u00e9. The Escape Hunt Experience prendra toutes les mesures appropri\u00e9es pour prot\u00e9ger la s\u00e9curit\u00e9 des informations de paiement et de cartes de cr\u00e9dit\/d\u00e9bit\u00a0 et Escape Hunt ne sera pas responsable de tout dommage que vous pouvez subir \u00e0 la suite de la perte de la confidentialit\u00e9 de ces renseignements.<\/p>\n<p>&nbsp;<\/p>\n<h4>R\u00c9SERVATIONS<\/h4>\n<p>3.1. La seule langue disponible pour la conclusion d\u2019un contrat de r\u00e9servation en ligne est le francais.<\/p>\n<p>&nbsp;<\/p>\n<p>3.2. Seules la\/les personne(s) qui ont au moins 18 ans sont autoris\u00e9es \u00e0 r\u00e9server un jeu.<\/p>\n<p>&nbsp;<\/p>\n<p>3.3. Il est de votre responsabilit\u00e9 de v\u00e9rifier que tous les jeux qui vous sont pr\u00e9sent\u00e9s sont exacts.<\/p>\n<p>&nbsp;<\/p>\n<p>3.4. Tout achat d\u2019un jeu est uniquement valide lorsque trait\u00e9 par The Escape Hunt Experience.<\/p>\n<p>&nbsp;<\/p>\n<p>3.5. Nous ne permettons pas le transfert de jeu \u00e0 une autre partie. Veuillez nous contacter pour des cas particuliers.<\/p>\n<p>&nbsp;<\/p>\n<p>3.6. Les jeux ne peuvent \u00eatre transf\u00e9r\u00e9s ou revendus \u00e0 des fins commerciales. Si un jeu est transf\u00e9r\u00e9 ou revendu en violation de cette condition, le porteur du jeu ou la personne qui revendique le droit d\u2019assister \u00e0 l\u2019\u00e9v\u00e9nement se verra refuser l\u2019entr\u00e9e.<\/p>\n<p>&nbsp;<\/p>\n<p>3.7. Vous \u00eates enti\u00e8rement responsable de l\u2019entr\u00e9e de vos coordonn\u00e9es sur le formulaire de r\u00e9servation en ligne. En soumettant un formulaire de r\u00e9servation en ligne vous garantissez \u00e0 The Escape Hunt Experience que tous les d\u00e9tails fournis sont v\u00e9ridiques et exacts.<\/p>\n<p>&nbsp;<\/p>\n<p>3.8. Vous recevrez la confirmation de votre r\u00e9servation par courriel uniquement. The Escape Hunt Experience n\u2019envoie pas de confirmation par la poste ou par texto.<\/p>\n<p>&nbsp;<\/p>\n<p>3.9. Les r\u00e9servations en ligne ne peuvent \u00eatre faites qu\u2019\u00e0 un nombre d\u00e9termin\u00e9 d\u2019heures ou de jours \u00e0 l\u2019avance. Pour plus de renseignements ou en dehors de ces contraintes, veuillez s\u2019il vous pla\u00eet contacter The Escape Hunt Experience par courriel ou par t\u00e9l\u00e9phone.<\/p>\n<p>&nbsp;<\/p>\n<p>3,10. Une r\u00e9servation devient caduque et l\u2019entr\u00e9e pourra \u00eatre refus\u00e9e si l\u2019\u00e9quipe a 15 minutes ou plus de retard. Dans une telle situation, l\u2019argent est non remboursable et la r\u00e9servation est non modifiable.<\/p>\n<p>&nbsp;<\/p>\n<p>3,11. Toutes les r\u00e9servations sont d\u00e9finitives car cela est un jeu LIVE. Aucun changement, annulation ou report ne sont autoris\u00e9s. Dans le cas peu probable o\u00f9 nous offrons une re-planification, modification, ou tout autre service, des frais d\u2019administration seront factur\u00e9s. Vous en serez inform\u00e9 au moment m\u00eame.<\/p>\n<p>&nbsp;<\/p>\n<p>3,12. Force Majeure. The Escape Hunt Experience n\u2019est pas responsable des retards ou obstacles causant le retard de votre arriv\u00e9e soit caus\u00e9 par le mauvais temps, les gr\u00e8ves, les protestations, les inondations, les embouteillages, les troubles civils ou de toute autre raison. Il est de votre responsabilit\u00e9 d\u2019arriver \u00e0 temps pour votre r\u00e9servation.<\/p>\n<p>&nbsp;<\/p>\n<h4>TARIF ET REGLEMENT<\/h4>\n<p>4.1. Le prix (avec la TVA appropri\u00e9e) d\u2019un jeu par personne est indiqu\u00e9 sur le site Exp\u00e9rience Escape Hunt dans la section de r\u00e9servation.<\/p>\n<p>&nbsp;<\/p>\n<p>4.2. Le prix est fix\u00e9 en fonction du nombre de personnes dans une salle (2-5 personnes)<\/p>\n<p>&nbsp;<\/p>\n<p>4.3. Les r\u00e9servations peuvent \u00eatre faites en ligne sur le site Internet escapehunt.com, par t\u00e9l\u00e9phone, par courriel ou en personne \u00e0 la succursale.<\/p>\n<p>&nbsp;<\/p>\n<p>4.4. La liste des diff\u00e9rents moyens de paiement qui sont accept\u00e9s sur le site (cartes de cr\u00e9dit ou de d\u00e9bit, virement, etc..) sont pr\u00e9cis\u00e9s sur le site de r\u00e9servation.<\/p>\n<p>&nbsp;<\/p>\n<p>4.5. Le paiement complet est exig\u00e9 au moment de la r\u00e9servation ou peut \u00eatre fait au moment de la visite, mais une carte de cr\u00e9dit sera n\u00e9cessaire pour le garantir.<\/p>\n<p>&nbsp;<\/p>\n<p>4.6. Escape Hunt est un \u00e9v\u00e9nement en direct (LIVE) donc une fois que la r\u00e9servation est confirm\u00e9e, aucun remboursement, annulation ou report ne sont accept\u00e9s.<\/p>\n<p>&nbsp;<\/p>\n<p>4.7. Si moins de gens que pr\u00e9vus viennent \u00e0 l\u2019\u00e9v\u00e8nement, la diff\u00e9rence de prix ne sera pas rembours\u00e9e.<\/p>\n<p>&nbsp;<\/p>\n<p>4.8. Si plus de gens que pr\u00e9vue sont pr\u00e9sents (jusqu\u2019\u00e0 5 personnes) le suppl\u00e9ment peut \u00eatre pay\u00e9 en esp\u00e8ces ou en carte au moment de \u00e0 l\u2019arriv\u00e9e pour la partie.<\/p>\n<p>&nbsp;<\/p>\n<p>4.9. Des frais administratifs seront factur\u00e9s pour tous changements de r\u00e9servation : 15,00 \u20ac pour tout changement.<\/p>\n<p>&nbsp;<\/p>\n<h4>Annulation :<\/h4>\n<p>Des frais d\u2019annulation de 72 \u20ac par salle (co\u00fbt minimum d\u2019une r\u00e9servation de salle pour 2 joueurs) s\u2019appliqueront pour les annulations r\u00e9alis\u00e9es \u00e0 48 heures de l\u2019\u00e9v\u00e9nement ou plus \u00e0 l\u2019avance<\/p>\n<p>Modification \/ report :<\/p>\n<p>&nbsp;<\/p>\n<p>Pour toutes modifications sur la r\u00e9servation \u00e0 plus de 5 jours de l\u2019\u00e9v\u00e8nement des frais de traitement de 15\u20ac pourront \u00eatre demand\u00e9s.<\/p>\n<p>&nbsp;<\/p>\n<p>Pour toute privatisation de l\u2019\u00e9tablissement (sur devis retourn\u00e9 sign\u00e9) :<\/p>\n<p>\u2013 50% du co\u00fbt de privatisation seront factur\u00e9s pour toute demande d\u2019annulation ou report \u00e0 plus de 5 jours de l\u2019\u00e9v\u00e9nement (120 heures du d\u00e9but de l\u2019\u00e9v\u00e9nement)<\/p>\n<p>\u2013 75% pour toute demande d\u2019annulation ou report entre 5 jours et 48h avant l\u2019\u00e9v\u00e9nement<\/p>\n<p>\u2013 aucun remboursement pour toute demande d\u2019annulation ou report \u00e0 moins de 48h.<\/p>\n<p>&nbsp;<\/p>\n<p>5.0. Le tarif \u00e9tudiant est soumis \u00e0 une demande de justificatif le jour de la r\u00e9servation. Offre est valable pour un groupe dont la majorit\u00e9 des participants justifie son statu d\u2019\u00e9tudiant. Ceci est non cumulable avec d\u2019autres offres<\/p>\n<p>&nbsp;<\/p>\n<h4>CONTACT<\/h4>\n<p>Si vous avez besoin de contacter The Escape Hunt Experience, vous pouvez le faire en utilisant l\u2019une des m\u00e9thodes suivantes:<\/p>\n<p>Escape Hunt La Rochelle \/ soci\u00e9t\u00e9 LR Entertainment \u00ab LRE \u00bb<\/p>\n<p>12 rue Alfred Kastler, 17000 La Rochelle \u2013 Les Minimes<\/p>\n<p>Siret 81963622600022<\/p>\n<p>TVA FR 12 819636226<\/p>\n<p>\u2013 e-mail: <a href=\"mailto:larochelle.manager@escapehunt.com\">larochelle.manager@escapehunt.com<\/a><\/p>\n<p>\u2013 t\u00e9l\u00e9phone: +33 5 46 43 16 36<\/p>\n<p>&nbsp;<\/p>\n<h4>S\u00c9CURIT\u00c9 ET PLAISIR<\/h4>\n<p>6.1. Chaque joueur de l\u2019exp\u00e9rience d\u2019Escape Hunt sera pris en charge avant et pendant leur jeu par un maitre des jeux (game master). Apr\u00e8s avoir \u00e9t\u00e9 inform\u00e9 des r\u00e8gles du jeu, chaque joueur participera au jeu \u00e0 ses propres risques. En outre, The Escape Hunt Experience n\u2019est pas responsable des dommages (corporels ou mat\u00e9riels) caus\u00e9s par une utilisation inappropri\u00e9e de la salle de jeu ou pour n\u2019avoir pas suivi les r\u00e8gles d\u00e9crites avant le jeu par le game master.<\/p>\n<p>&nbsp;<\/p>\n<p>6.2. Si vous \u00eates en retard de plus de 15 minutes\u00a0 par rapport \u00e0 l\u2019heure pr\u00e9vue lors de\u00a0 votre r\u00e9servation, la r\u00e9servation devient caduque automatiquement et vous ne serez pas en mesure de commencer votre jeu. Pour un changement de r\u00e9servation si celui-ci est accept\u00e9, il sera fait avec des frais et suivant les disponibilit\u00e9s.<\/p>\n<p>&nbsp;<\/p>\n<p>6.3. Si les joueurs sont sous influence de l\u2019alcool ou de m\u00e9dicaments non prescrits, le jeu devient caduc. Nous nous r\u00e9servons le droit de refuser l\u2019entr\u00e9e \u00e0 toute personne ayant une attitude inapte, abusive ou inappropri\u00e9e de quelque fa\u00e7on que ce soit, \u00e0 la seule discr\u00e9tion des propri\u00e9taires et du personnel de Escape Hunt.<\/p>\n<p>&nbsp;<\/p>\n<p>6.4. Boissons et aliments ne peuvent \u00eatre introduits dans les salles de jeux ou de r\u00e9ception.<\/p>\n<p>&nbsp;<\/p>\n<p>6.5. Pour \u00eatre admis, vous devez confirmer le nom complet de la personne qui r\u00e9serve et celle-ci pourrait \u00eatre invit\u00e9 \u00e0 confirmer le num\u00e9ro de t\u00e9l\u00e9phone et l\u2019adresse e-mail ainsi que de montrer un passeport, une carte d\u2019identit\u00e9.<\/p>\n<p>&nbsp;<\/p>\n<p>6.6. Pour des raisons de s\u00e9curit\u00e9, les enfants de moins de 7 ans ne sont pas autoris\u00e9s \u00e0 entrer dans la r\u00e9ception ou dans les salles de jeux. Tous les enfants de moins de 16 ans doivent \u00eatre accompagn\u00e9s par au moins un adulte en tout temps.<\/p>\n<p>&nbsp;<\/p>\n<p>6.7. La taille du lobby de r\u00e9ception \u00e9tant limit\u00e9e, il est demand\u00e9 aux joueurs de The Escape Hunt Experience d\u2019arriver 10 minutes avant le d\u00e9but de la partie afin que le game master puisse bien prendre en charge les joueurs, leur expliquer en d\u00e9tails la nature du jeu, ses risques et contraintes afin de rendre l\u2019exp\u00e9rience agr\u00e9able et sans danger.<\/p>\n<p>&nbsp;<\/p>\n<p>6.8. Escape Hunt Experience recommande \u00e0 ses clients de porter des v\u00eatements confortables pour le jeu.<\/p>\n<p>&nbsp;<\/p>\n<h4>DROITS D\u2019AUTEUR ET CONFIDENTIALIT\u00c9<\/h4>\n<p>7.1 Tous les noms, dessins et slogans utilis\u00e9s sur le site, dans toute activit\u00e9 de marketing et dans les locaux sont la propri\u00e9t\u00e9 de Escape Hunt Co. Ltd et ses propri\u00e9taires. Aucune utilisation ou reproduction de quelque nature que ce soit n\u2019est autoris\u00e9e.<\/p>\n<p>&nbsp;<\/p>\n<p>7.2 Tous les joueurs d\u2019Escape Hunt acceptent de ne pas discuter, divulguer ou distribuer toutes informations concernant le contenu des jeux ou toute autre information exclusive. En jouant aux jeux, tous les joueurs sont d\u2019accord pour ne pas transmettre cette information ou ils se rendront eux-m\u00eames passibles de poursuites en vertu de la violation des r\u00e8gles de confidentialit\u00e9.<\/p>\n<p>&nbsp;<\/p>\n<p>&nbsp;<\/p>\n<ol start=\"8\">\n<li>\n<h4>BONS CADEAUX<\/h4>\n<\/li>\n<\/ol>\n<p>8.1 Lors de l\u2019achat de bon cadeau, l\u2019acheteur dispose d\u2019un d\u00e9lai de quatorze jours pour exercer son droit de r\u00e9tractation d\u2019un contrat conclu \u00e0 distance, \u00e0 la suite d\u2019un d\u00e9marchage t\u00e9l\u00e9phonique ou hors \u00e9tablissement, sans avoir \u00e0 motiver sa d\u00e9cision ni \u00e0 supporter d\u2019autres co\u00fbts que ceux pr\u00e9vus aux articles L. 221-23 \u00e0 L. 221-25.<\/p>\n<p>&nbsp;<\/p>\n<p>8.2 Le d\u00e9lai mentionn\u00e9 court \u00e0 compter du jour :<\/p>\n<p>1\u00b0 De la conclusion du contrat, pour les achats de bons cadeaux<\/p>\n<p>2\u00b0 De la r\u00e9ception du bien par le consommateur ou un tiers, autre que le transporteur, d\u00e9sign\u00e9 par lui, pour les contrats de vente de coffrets cadeaux. Pour les contrats conclus hors \u00e9tablissement, le consommateur peut exercer son droit de r\u00e9tractation \u00e0 compter de la conclusion du contrat.<\/p>\n<p>&nbsp;<\/p>\n<p>8.3 Lors de l\u2019utilisation des bons cadeaux ou des coffrets cadeaux, les conditions sont celles du paragraphe 3 concernant les R\u00e9servations en terme de droit de r\u00e9tractation et d\u2019annulation et tombent sous le co\u00fbt de l\u2019article L.221-28 du Code de la Consommation.<\/p>\n<p>&nbsp;<\/p>\n<ol start=\"9\">\n<li>\n<h4>BLOCTEL<\/h4>\n<\/li>\n<\/ol>\n<p>9.1 La liste d\u2019opposition au d\u00e9marchage t\u00e9l\u00e9phonique Bloctel permet aux consommateurs de ne plus \u00eatre d\u00e9march\u00e9s par un professionnel.<\/p>\n<p>Bloctel permet aux particuliers s\u2019inscrivant gratuitement sur la liste d\u2019opposition du site http:\/\/www.bloctel.gouv.fr au d\u00e9marchage de ne plus \u00eatre d\u00e9march\u00e9s par t\u00e9l\u00e9phone. Les num\u00e9ros sont inscrits pour une dur\u00e9e de 3 ans renouvelables. Le particulier est prot\u00e9g\u00e9 par cette liste sous un d\u00e9lai maximum de 30 jours apr\u00e8s son inscription.<\/p>\n","protected":false},"excerpt":{"rendered":"<p>Pour utiliser notre site Web et venir jouer \u00e0 nos jeux, il est n\u00e9cessaire d\u2019accepter ce qui suit: &nbsp; Pr\u00e9ambule: Chaque r\u00e9servation est d\u00e9finitive. Elle peut \u00eatre report\u00e9e jusqu\u2019\u00e0 5&hellip;<\/p>\n","protected":false},"author":12,"featured_media":0,"parent":0,"menu_order":0,"comment_status":"closed","ping_status":"closed","template":"","meta":{"_acf_changed":false,"footnotes":""},"class_list":["post-140","page","type-page","status-publish","hentry"],"acf":{"custom_schema_json":""},"yoast_head":"<!-- This site is optimized with the Yoast SEO plugin v27.3 - https:\/\/yoast.com\/product\/yoast-seo-wordpress\/ -->\n<title>CONDITIONS G\u00c9N\u00c9RALES | Escape Hunt La Rochelle<\/title>\n<meta name=\"description\" content=\"Prenez connaissance de nos conditions g\u00e9n\u00e9rales de vente avant votre r\u00e9servation chez Escape Hunt La Rochelle.\" \/>\n<meta name=\"robots\" content=\"noindex, follow, max-snippet:-1, max-image-preview:large, max-video-preview:-1\" \/>\n<meta property=\"og:locale\" content=\"fr_FR\" \/>\n<meta property=\"og:type\" content=\"article\" \/>\n<meta property=\"og:title\" content=\"CONDITIONS G\u00c9N\u00c9RALES | Escape Hunt La Rochelle\" \/>\n<meta property=\"og:description\" content=\"Prenez connaissance de nos conditions g\u00e9n\u00e9rales de vente avant votre r\u00e9servation chez Escape Hunt La Rochelle.\" \/>\n<meta property=\"og:url\" content=\"https:\/\/escapehunt.com\/fr\/larochelle\/conditions-generales\/\" \/>\n<meta property=\"og:site_name\" content=\"La Rochelle\" \/>\n<meta property=\"article:modified_time\" content=\"2019-06-20T16:16:39+00:00\" \/>\n<meta name=\"twitter:card\" content=\"summary_large_image\" \/>\n<meta name=\"twitter:label1\" content=\"Dur\u00e9e de lecture estim\u00e9e\" \/>\n\t<meta name=\"twitter:data1\" content=\"13 minutes\" \/>\n<script type=\"application\/ld+json\" class=\"yoast-schema-graph\">{\"@context\":\"https:\\\/\\\/schema.org\",\"@graph\":[{\"@type\":\"WebPage\",\"@id\":\"https:\\\/\\\/escapehunt.com\\\/fr\\\/larochelle\\\/conditions-generales\\\/\",\"url\":\"https:\\\/\\\/escapehunt.com\\\/fr\\\/larochelle\\\/conditions-generales\\\/\",\"name\":\"CONDITIONS G\u00c9N\u00c9RALES | Escape Hunt La Rochelle\",\"isPartOf\":{\"@id\":\"https:\\\/\\\/escapehunt.com\\\/fr\\\/larochelle\\\/#website\"},\"datePublished\":\"2018-10-03T12:41:20+00:00\",\"dateModified\":\"2019-06-20T16:16:39+00:00\",\"description\":\"Prenez connaissance de nos conditions g\u00e9n\u00e9rales de vente avant votre r\u00e9servation chez Escape Hunt La Rochelle.\",\"breadcrumb\":{\"@id\":\"https:\\\/\\\/escapehunt.com\\\/fr\\\/larochelle\\\/conditions-generales\\\/#breadcrumb\"},\"inLanguage\":\"fr-FR\",\"potentialAction\":[{\"@type\":\"ReadAction\",\"target\":[\"https:\\\/\\\/escapehunt.com\\\/fr\\\/larochelle\\\/conditions-generales\\\/\"]}]},{\"@type\":\"BreadcrumbList\",\"@id\":\"https:\\\/\\\/escapehunt.com\\\/fr\\\/larochelle\\\/conditions-generales\\\/#breadcrumb\",\"itemListElement\":[{\"@type\":\"ListItem\",\"position\":1,\"name\":\"Home\",\"item\":\"https:\\\/\\\/escapehunt.com\\\/fr\\\/larochelle\\\/\"},{\"@type\":\"ListItem\",\"position\":2,\"name\":\"CONDITIONS G\u00c9N\u00c9RALES\"}]},{\"@type\":\"WebSite\",\"@id\":\"https:\\\/\\\/escapehunt.com\\\/fr\\\/larochelle\\\/#website\",\"url\":\"https:\\\/\\\/escapehunt.com\\\/fr\\\/larochelle\\\/\",\"name\":\"La Rochelle\",\"description\":\"Escape Hunt La Rochelle - Number 1 Escape Game in La Rochelle\",\"potentialAction\":[{\"@type\":\"SearchAction\",\"target\":{\"@type\":\"EntryPoint\",\"urlTemplate\":\"https:\\\/\\\/escapehunt.com\\\/fr\\\/larochelle\\\/?s={search_term_string}\"},\"query-input\":{\"@type\":\"PropertyValueSpecification\",\"valueRequired\":true,\"valueName\":\"search_term_string\"}}],\"inLanguage\":\"fr-FR\"}]}<\/script>\n<!-- \/ Yoast SEO plugin. -->","yoast_head_json":{"title":"CONDITIONS G\u00c9N\u00c9RALES | Escape Hunt La Rochelle","description":"Prenez connaissance de nos conditions g\u00e9n\u00e9rales de vente avant votre r\u00e9servation chez Escape Hunt La Rochelle.","robots":{"index":"noindex","follow":"follow","max-snippet":"max-snippet:-1","max-image-preview":"max-image-preview:large","max-video-preview":"max-video-preview:-1"},"og_locale":"fr_FR","og_type":"article","og_title":"CONDITIONS G\u00c9N\u00c9RALES | Escape Hunt La Rochelle","og_description":"Prenez connaissance de nos conditions g\u00e9n\u00e9rales de vente avant votre r\u00e9servation chez Escape Hunt La Rochelle.","og_url":"https:\/\/escapehunt.com\/fr\/larochelle\/conditions-generales\/","og_site_name":"La Rochelle","article_modified_time":"2019-06-20T16:16:39+00:00","twitter_card":"summary_large_image","twitter_misc":{"Dur\u00e9e de lecture estim\u00e9e":"13 minutes"},"schema":{"@context":"https:\/\/schema.org","@graph":[{"@type":"WebPage","@id":"https:\/\/escapehunt.com\/fr\/larochelle\/conditions-generales\/","url":"https:\/\/escapehunt.com\/fr\/larochelle\/conditions-generales\/","name":"CONDITIONS G\u00c9N\u00c9RALES | Escape Hunt La Rochelle","isPartOf":{"@id":"https:\/\/escapehunt.com\/fr\/larochelle\/#website"},"datePublished":"2018-10-03T12:41:20+00:00","dateModified":"2019-06-20T16:16:39+00:00","description":"Prenez connaissance de nos conditions g\u00e9n\u00e9rales de vente avant votre r\u00e9servation chez Escape Hunt La Rochelle.","breadcrumb":{"@id":"https:\/\/escapehunt.com\/fr\/larochelle\/conditions-generales\/#breadcrumb"},"inLanguage":"fr-FR","potentialAction":[{"@type":"ReadAction","target":["https:\/\/escapehunt.com\/fr\/larochelle\/conditions-generales\/"]}]},{"@type":"BreadcrumbList","@id":"https:\/\/escapehunt.com\/fr\/larochelle\/conditions-generales\/#breadcrumb","itemListElement":[{"@type":"ListItem","position":1,"name":"Home","item":"https:\/\/escapehunt.com\/fr\/larochelle\/"},{"@type":"ListItem","position":2,"name":"CONDITIONS G\u00c9N\u00c9RALES"}]},{"@type":"WebSite","@id":"https:\/\/escapehunt.com\/fr\/larochelle\/#website","url":"https:\/\/escapehunt.com\/fr\/larochelle\/","name":"La Rochelle","description":"Escape Hunt La Rochelle - Number 1 Escape Game in La Rochelle","potentialAction":[{"@type":"SearchAction","target":{"@type":"EntryPoint","urlTemplate":"https:\/\/escapehunt.com\/fr\/larochelle\/?s={search_term_string}"},"query-input":{"@type":"PropertyValueSpecification","valueRequired":true,"valueName":"search_term_string"}}],"inLanguage":"fr-FR"}]}},"custom_schema_json":"","_links":{"self":[{"href":"https:\/\/staging3.escapehunt.com\/fr\/larochelle\/wp-json\/wp\/v2\/pages\/140","targetHints":{"allow":["GET"]}}],"collection":[{"href":"https:\/\/staging3.escapehunt.com\/fr\/larochelle\/wp-json\/wp\/v2\/pages"}],"about":[{"href":"https:\/\/staging3.escapehunt.com\/fr\/larochelle\/wp-json\/wp\/v2\/types\/page"}],"author":[{"embeddable":true,"href":"https:\/\/staging3.escapehunt.com\/fr\/larochelle\/wp-json\/wp\/v2\/users\/12"}],"replies":[{"embeddable":true,"href":"https:\/\/staging3.escapehunt.com\/fr\/larochelle\/wp-json\/wp\/v2\/comments?post=140"}],"version-history":[{"count":0,"href":"https:\/\/staging3.escapehunt.com\/fr\/larochelle\/wp-json\/wp\/v2\/pages\/140\/revisions"}],"wp:attachment":[{"href":"https:\/\/staging3.escapehunt.com\/fr\/larochelle\/wp-json\/wp\/v2\/media?parent=140"}],"curies":[{"name":"wp","href":"https:\/\/api.w.org\/{rel}","templated":true}]}}