{"id":142,"date":"2018-10-03T12:44:38","date_gmt":"2018-10-03T12:44:38","guid":{"rendered":"http:\/\/s27835.p712.sites.pressdns.com\/fr\/bordeaux\/?page_id=142"},"modified":"2019-03-13T14:22:57","modified_gmt":"2019-03-13T13:22:57","slug":"politique-de-confidentialite","status":"publish","type":"page","link":"https:\/\/staging3.escapehunt.com\/fr\/lille\/politique-de-confidentialite\/","title":{"rendered":"Politique De Confidentialit\u00e9"},"content":{"rendered":"<p><strong>Nous prenons la vie priv\u00e9e de nos clients au s\u00e9rieux et nous ne collecterons, n\u2019enregistrerons, ne conserverons, ne distribuerons, ne divulguerons, ne transf\u00e9rerons et utiliserons vos informations personnelles que comme d\u00e9crites ci-dessous.<\/strong><\/p>\n<p>Cette politique de confidentialit\u00e9 d\u00e9crit comment Escape Hunt Lille (NZE Adventures) et Aymeri Ponche\u00a0son Directeur G\u00e9n\u00e9ral, utilisent vos donn\u00e9es personnelles sur le site internet\u00a0<strong>(<u><a href=\"https:\/\/staging3.escapehunt.com\/fr\/lille\">lille.escapehunt.com<\/a><\/u>)<\/strong>\u00a0o\u00f9 lorsque vous participez \u00e0 l\u2019une des exp\u00e9riences Escape Hunt propos\u00e9es \u00e0 Lille. Cette politique de confidentialit\u00e9 ne couvre pas l\u2019int\u00e9gralit\u00e9 des activit\u00e9s et sites internet des autres centres, tous r\u00e9gis par leur propre politique de confidentialit\u00e9 locale. Vous pouvez retrouver ces m\u00eames politiques en cliquant sur le lien \u201cPolitique de Confidentialit\u00e9\u201d en pied de page de chaque site internet Escape Hunt.<\/p>\n<p>La protection des donn\u00e9es est une question de confiance et votre vie priv\u00e9e est importante pour nous. Nous n\u2019utiliserons donc que votre nom et les autres informations qui vous concernent de la mani\u00e8re indiqu\u00e9e dans la pr\u00e9sente politique de confidentialit\u00e9. Nous ne recueillons que des informations l\u00e0 o\u00f9 nous devons le faire et nous ne recueillons de l\u2019information que si cela concerne nos relations avec vous.<\/p>\n<p>Nous ne garderons vos\u00a0informations que si nous sommes oblig\u00e9s par la loi ou si cela est pertinent par rapport aux fins pour lesquelles elles ont \u00e9t\u00e9 recueillies.<\/p>\n<p>Si vous avez des commentaires, des suggestions ou des plaintes, vous pouvez nous contacter par e-mail \u00e0 [aymeri(at)escapehunt.com].<\/p>\n<p><strong>Utilisation et divulgation de renseignements personnels<\/strong><\/p>\n<p>Les informations personnelles que nous recueillons aupr\u00e8s de vous seront utilis\u00e9es parmi notre groupe de soci\u00e9t\u00e9s pour une partie ou l\u2019ensemble des objectifs suivants :<\/p>\n<ul>\n<li>Pour faciliter votre utilisation des services;<\/li>\n<li>Pour traiter les commandes que vous soumettez sur le site Web, que ce soit pour les r\u00e9servations de jeux ou les produits vendus par Escape Hunt ou un tiers vendeur. Les paiements que vous effectuez sur le site Web pour les jeux ou les produits, vendus par Escape Hunt ou un tiers vendeur, seront trait\u00e9s par nous;<\/li>\n<li>Pour livrer les jeux ou les produits que vous avez achet\u00e9s sur le site Web, qu\u2019ils soient vendus par Escape Hunt ou un tiers, nous pouvons transmettre vos informations personnelles \u00e0 un tiers afin de vous remettre le produit, qu\u2019il s\u2019agisse du produit vendu sur le site par Escape Hunt ou un tiers vendeur;<\/li>\n<li>Pour vous mettre \u00e0 jour sur la livraison des produits, qu\u2019ils soient vendus sur le site Web par Escape Hunt ou un tiers vendeur, et \u00e0 des fins de soutien \u00e0 la client\u00e8le;<\/li>\n<li>Pour comparer les informations et v\u00e9rifier avec des tiers afin de s\u2019assurer que l\u2019information est exacte;<\/li>\n<li>Pour vous envoyer des mises \u00e0 jour r\u00e9guli\u00e8res par courrier \u00e9lectronique, newsletter ou autrement sur les nouvelles et les initiatives dans le monde entier et dans votre r\u00e9gion ou votre ville.<\/li>\n<li>En outre, nous utiliserons les informations que vous fournissez pour administrer votre compte (le cas \u00e9ch\u00e9ant) avec nous; V\u00e9rifier et effectuer des op\u00e9rations financi\u00e8res par rapport aux paiements effectu\u00e9s en ligne; V\u00e9rifier le t\u00e9l\u00e9chargement des donn\u00e9es du site Web; Am\u00e9liorer la mise en page et \/ ou le contenu des pages du site Web et les personnaliser pour les utilisateurs; Identifier les visiteurs sur le site Web; Mener des recherches sur la d\u00e9mographie et le comportement de nos utilisateurs; Vous fournir des informations que nous jugeons utiles ou que vous nous avez demand\u00e9es, y compris des informations sur les produits et services de nos vendeurs ou tiers, pourvu que vous avez indiqu\u00e9 que vous ne vous \u00eates pas oppos\u00e9 \u00e0 avoir \u00e9t\u00e9 contact\u00e9 \u00e0 ces fins;<\/li>\n<li>Lorsque vous enregistrez un compte avec Escape Hunt sur l\u2019un de ses sites Web et sites dans le monde entier, que ce soit en ligne ou en personne dans une succursale, ou nous fournissez-nous vos informations personnelles via le site Web, nous utiliserons \u00e9galement vos informations personnelles pour vous envoyer un marketing et \/ ou Des documents promotionnels sur nos produits et nos services de vendeurs ou tiers de temps \u00e0 autre. Vous pouvez vous d\u00e9sabonner de recevoir des informations de marketing \u00e0 tout moment en utilisant la fonction de d\u00e9sabonnement dans le mat\u00e9riel de marketing \u00e9lectronique. Nous pouvons utiliser vos informations de contact pour nous envoyer des bulletins d\u2019information et de nos soci\u00e9t\u00e9s li\u00e9es; et<\/li>\n<li>Dans des circonstances exceptionnelles, Escape Hunt peut \u00eatre tenu de divulguer des informations personnelles, par exemple lorsqu\u2019il existe des motifs de croire que la divulgation est n\u00e9cessaire pour pr\u00e9venir une menace pour la vie ou la sant\u00e9, aux fins de l\u2019application de la loi ou pour l\u2019accomplissement des exigences l\u00e9gales et r\u00e9glementaires et des demandes .<\/li>\n<\/ul>\n<p>Escape Hunt peut partager vos informations personnelles avec des tiers et nos soci\u00e9t\u00e9s affili\u00e9es pour les fins mentionn\u00e9es ci-dessus, en particulier, compl\u00e9ter une transaction avec vous, g\u00e9rer votre compte et nos relations avec vous, commercialiser et remplir toutes les exigences l\u00e9gales ou r\u00e9glementaires et les demandes jug\u00e9es n\u00e9cessaires par Escape Hunt. En partageant vos informations personnelles avec eux, nous nous effor\u00e7ons de faire en sorte que les tiers et nos soci\u00e9t\u00e9s affili\u00e9es gardent vos informations personnelles prot\u00e9g\u00e9es contre les acc\u00e8s, la collecte, l\u2019utilisation, la divulgation ou les risques non autoris\u00e9s, et ne conservent vos informations personnelles aussi longtemps qu\u2019elles aient besoin de vos informations personnelles pour atteindre les objectifs mentionn\u00e9s ci-dessus.<\/p>\n<p>Escape Hunt ne s\u2019engage jamais dans la vente de l\u2019information personnelle des clients \u00e0 des tiers.<\/p>\n<p><strong>Retrait du consentement<\/strong><\/p>\n<p>Vous pouvez communiquer votre objection \u00e0 notre utilisation et \/ ou divulgation continue de vos informations personnelles pour l\u2019une des fins et de la mani\u00e8re indiqu\u00e9e ci-dessus \u00e0 tout moment en nous contactant \u00e0 notre adresse e-mail ci-dessous. Veuillez noter que si vous communiquez votre objection \u00e0 notre utilisation et \/ ou \u00e0 la divulgation de vos informations personnelles aux fins et de la mani\u00e8re indiqu\u00e9es ci-dessus, selon la nature de votre objection, nous ne pourrions peut-\u00eatre pas \u00eatre en mesure de continuer \u00e0 vous fournir nos produits ou services ou poursuivre un\u00a0contrat que nous avons avec vous. Nos droits et recours juridiques sont express\u00e9ment r\u00e9serv\u00e9s dans un tel \u00e9v\u00e9nement.<\/p>\n<p><strong>Mise \u00e0 jour de vos informations personnelles<\/strong><\/p>\n<p>Vous pouvez mettre \u00e0 jour vos informations personnelles \u00e0 tout moment en acc\u00e9dant \u00e0 votre compte sur le site Web Escape Hunt. Si vous ne poss\u00e9dez pas de compte avec nous, vous pouvez le faire en nous contactant \u00e0 notre adresse e-mail ci-dessous.<\/p>\n<p><strong>Acc\u00e8s \u00e0 vos informations personnelles<\/strong><\/p>\n<p>Si vous souhaitez consulter les informations personnelles que vous avez sur vous ou vous renseigner sur la fa\u00e7on dont vos informations personnelles ont \u00e9t\u00e9 ou pourraient \u00eatre utilis\u00e9es ou divulgu\u00e9es par Escape Hunt au cours de la derni\u00e8re ann\u00e9e, veuillez nous contacter \u00e0 notre adresse e-mail ci-dessous . Nous nous r\u00e9servons le droit de facturer des frais administratifs raisonnables pour r\u00e9cup\u00e9rer vos informations personnelles.<\/p>\n<p>Si vous avez un compte avec Escape Hunt, vous pouvez acc\u00e9der aux d\u00e9tails de votre commande en vous connectant \u00e0 votre compte sur le site. Ici, vous pouvez voir les d\u00e9tails de vos commandes qui ont \u00e9t\u00e9 achev\u00e9es, celles qui sont ouvertes et celles qui doivent \u00eatre exp\u00e9di\u00e9es sous peu et administrer les coordonn\u00e9es de votre adresse, les coordonn\u00e9es bancaires et tout bulletin d\u2019information auquel vous avez souscrit. Vous vous engagez \u00e0 traiter votre nom d\u2019utilisateur, votre mot de passe et vos coordonn\u00e9es Escape Hunt de fa\u00e7on confidentielle et ne pas le rendre accessible \u00e0 des tiers non autoris\u00e9s. Nous ne pouvons assumer aucune responsabilit\u00e9 pour l\u2019utilisation abusive de votre nom d\u2019utilisateur Escape Hunt, de votre mot de passe ou de votre commande, sauf dans les conditions d\u2019utilisation.<\/p>\n<p><strong>S\u00e9curit\u00e9 de vos informations personnelles<\/strong><\/p>\n<p>Escape Hunt garantit que toutes les informations collect\u00e9es seront stock\u00e9es en toute s\u00e9curit\u00e9. Nous prot\u00e9geons vos informations personnelles par:<\/p>\n<ul>\n<li>Restriction de l\u2019acc\u00e8s aux informations personnelles<\/li>\n<li>Maintien des produits technologiques pour emp\u00eacher l\u2019acc\u00e8s informatique non autoris\u00e9<\/li>\n<li>Destruction en toute s\u00e9curit\u00e9 de vos informations personnelles lorsqu\u2019elles ne sont plus n\u00e9cessaires \u00e0 des fins juridiques ou commerciales.<\/li>\n<\/ul>\n<p>Escape Hunt utilise la technologie de cryptage SSL (Secure Sockets layer) 128 bits lors du traitement de vos d\u00e9tails financiers. Le cryptage SSL 128 bits prend approximativement au moins un trillion d\u2019ann\u00e9es pour se briser et est la norme\u00a0industrielle.<\/p>\n<p>Si vous croyez que votre vie priv\u00e9e a \u00e9t\u00e9 viol\u00e9e par Escape Hunt, veuillez nous contacter \u00e0 notre adresse e-mail ci-dessous<\/p>\n<p><strong>Mineur<\/strong><\/p>\n<p>Escape Hunt ne vend pas des produits \u00e0 destination des enfants. Si vous avez moins de 16 ans, vous pouvez utiliser notre site Web uniquement avec la surveillance d\u2019un parent ou d\u2019un tuteur.<\/p>\n<p><strong>Collecte de donn\u00e9es informatiques<\/strong><\/p>\n<p>Escape Hunt ou nos fournisseurs de services autoris\u00e9s peuvent utiliser des cookies, des balises web et d\u2019autres technologies similaires pour stocker des informations afin de vous fournir une exp\u00e9rience meilleure, plus rapide, plus s\u00fbre et personnalis\u00e9e lorsque vous utilisez les services et \/ ou acc\u00e9dez au site Web.<\/p>\n<p>Lorsque vous visitez Escape Hunt, les serveurs de notre soci\u00e9t\u00e9 enregistrent automatiquement les informations que votre navigateur envoie chaque fois que vous visitez un site Web. Ces donn\u00e9es peuvent inclure:<\/p>\n<ul>\n<li>L\u2019adresse IP de votre ordinateur<\/li>\n<li>Type de navigateur<\/li>\n<li>La page Web que vous visitiez avant votre arriv\u00e9e sur notre site Web<\/li>\n<li>Les pages du site Web que vous visitez<\/li>\n<li>Le temps consacr\u00e9 aux pages, objets et informations recherch\u00e9s sur le site Web, les horaires d\u2019acc\u00e8s et les dates, ainsi que d\u2019autres statistiques.<\/li>\n<\/ul>\n<p>Cette information est collect\u00e9e pour analyse et \u00e9valuation afin de nous aider \u00e0 am\u00e9liorer le site Web et les services et produits que nous fournissons.<\/p>\n<p>Les cookies sont de petits fichiers texte (g\u00e9n\u00e9ralement compos\u00e9s de lettres et de chiffres) plac\u00e9s dans la m\u00e9moire de votre navigateur ou de votre appareil lorsque vous visitez un site Web ou affichez un message. Ils nous permettent de reconna\u00eetre un p\u00e9riph\u00e9rique ou un navigateur particulier et nous aider \u00e0 personnaliser le contenu afin de mieux r\u00e9pondre \u00e0 vos int\u00e9r\u00eats et de rendre nos services et votre site Web plus pratiques et utiles.<\/p>\n<p>Les balises Web sont de petites images graphiques qui peuvent \u00eatre incluses dans notre service et le site Web. Ils nous permettent de compter les utilisateurs qui ont vu ces pages afin de mieux comprendre vos pr\u00e9f\u00e9rences et vos int\u00e9r\u00eats.<\/p>\n<p><strong>Pas de Spam, Spyware ou Virus<\/strong><\/p>\n<p>Les spam, les spyware ou les virus ne sont pas autoris\u00e9s sur le site Web. Veuillez configurer et maintenir vos pr\u00e9f\u00e9rences de communication afin que nous vous envoyions des communications selon vos besoins. Vous n\u2019\u00eates pas autoris\u00e9 \u00e0 ajouter d\u2019autres utilisateurs (m\u00eame un utilisateur qui a achet\u00e9 un article de votre part) \u00e0 votre liste de diffusion (courrier \u00e9lectronique ou courrier physique) sans leur consentement expr\u00e8s. Vous ne devez envoyer aucun message contenant du spam, des spyware ou des virus via le site Web. Si vous souhaitez signaler tout message suspect, contactez-nous \u00e0 notre adresse \u00e9lectronique ci-dessous.<\/p>\n<p><strong>Modifications apport\u00e9es \u00e0 la Politique de confidentialit\u00e9<\/strong><\/p>\n<p>Escape Hunt doit examiner r\u00e9guli\u00e8rement la suffisance de cette politique de confidentialit\u00e9. Nous nous r\u00e9servons le droit de modifier et de changer la Politique de confidentialit\u00e9 \u00e0 tout moment. Toute modification de cette politique sera publi\u00e9e sur le site Web.<\/p>\n<p><strong>Escape Hunt\u2019s Right<\/strong><\/p>\n<p>VOUS RECONNAISSEZ ET ACCEPTEZ QUE ESCAPE HUNT A LE DROIT DE DIVULGUER VOS RENSEIGNEMENTS PERSONNELS A TOUTE AUTORIT\u00c9 DE DROIT JURIDIQUE, R\u00c9GLEMENTAIRE, GOUVERNEMENTAL, FISCALIT\u00c9, OU AUTRES AUTORIT\u00c9S OU LES PROPRI\u00c9TAIRES CORRESPONDANTS, SI ESCAPE HUNT A DES MOTIFS RAISONNABLES POUR CROIRE QUE CETTE DIVULGATION DE VOS\u00a0INFORMATIONS PERSONNELLES SONT N\u00c9CESSAIRES AUX FINS DE LA R\u00c9UNION DES OBLIGATIONS, DES EXIGENCES OU DES DISPOSITIONS, VOLONTAIRES OU OBLIGATOIRES, EN CAS DE COOP\u00c9RATION D\u2019UNE ORDONNANCE, D\u2019UNE ENQU\u00caTE ET \/ OU D\u2019UNE DEMANDE DE NATURE PAR CES PARTIES. DANS LA MESURE PERMISE PAR LA LOI APPLICABLE, VOUS ACCEPTEZ DE NE PAS PARTICIPER ET \/ OU RENONCEZ VOS DROITS POUR PRENDRE TOUTE ACTION CONTRE ESCAPE HUNT POUR LA DIVULGATION DE VOS RENSEIGNEMENTS PERSONNELS DANS CES CONDITIONS DE CIRCONSTANCE.<\/p>\n<p><strong>Contacter Escape Hunt<\/strong><\/p>\n<p>Si vous souhaitez retirer votre consentement \u00e0 l\u2019utilisation de vos informations personnelles, demandez l\u2019acc\u00e8s et \/ ou la correction de vos informations personnelles, avez des questions, des commentaires ou des pr\u00e9occupations, ou besoin d\u2019une aide pour des questions techniques ou li\u00e9es aux cookies, n\u2019h\u00e9sitez pas \u00e0 nous contacter (et notre responsable de la protection des donn\u00e9es) \u00e0 [aymeri(at)escapehunt.com]<\/p>\n","protected":false},"excerpt":{"rendered":"<p>Nous prenons la vie priv\u00e9e de nos clients au s\u00e9rieux et nous ne collecterons, n\u2019enregistrerons, ne conserverons, ne distribuerons, ne divulguerons, ne transf\u00e9rerons et utiliserons vos informations personnelles que comme&hellip;<\/p>\n","protected":false},"author":12,"featured_media":0,"parent":0,"menu_order":0,"comment_status":"closed","ping_status":"closed","template":"","meta":{"_acf_changed":false,"footnotes":""},"class_list":["post-142","page","type-page","status-publish","hentry"],"acf":{"custom_schema_json":""},"yoast_head":"<!-- This site is optimized with the Yoast SEO plugin v27.3 - https:\/\/yoast.com\/product\/yoast-seo-wordpress\/ -->\n<title>Politique De Confidentialit\u00e9 | Escape Hunt Lille<\/title>\n<meta name=\"description\" content=\"Politique de confidentialit\u00e9 pour Escape Hunt. Consultez notre politique de confidentialit\u00e9 pour savoir comment nous recueillons et utilisons les donn\u00e9es.\" \/>\n<meta name=\"robots\" content=\"noindex, follow, max-snippet:-1, max-image-preview:large, max-video-preview:-1\" \/>\n<meta property=\"og:locale\" content=\"fr_FR\" \/>\n<meta property=\"og:type\" content=\"article\" \/>\n<meta property=\"og:title\" content=\"Politique De Confidentialit\u00e9 | Escape Hunt Lille\" \/>\n<meta property=\"og:description\" content=\"Politique de confidentialit\u00e9 pour Escape Hunt. Consultez notre politique de confidentialit\u00e9 pour savoir comment nous recueillons et utilisons les donn\u00e9es.\" \/>\n<meta property=\"og:url\" content=\"https:\/\/escapehunt.com\/fr\/lille\/politique-de-confidentialite\/\" \/>\n<meta property=\"og:site_name\" content=\"Lille\" \/>\n<meta property=\"article:modified_time\" content=\"2019-03-13T13:22:57+00:00\" \/>\n<meta name=\"twitter:card\" content=\"summary_large_image\" \/>\n<meta name=\"twitter:label1\" content=\"Dur\u00e9e de lecture estim\u00e9e\" \/>\n\t<meta name=\"twitter:data1\" content=\"11 minutes\" \/>\n<script type=\"application\/ld+json\" class=\"yoast-schema-graph\">{\"@context\":\"https:\\\/\\\/schema.org\",\"@graph\":[{\"@type\":\"WebPage\",\"@id\":\"https:\\\/\\\/escapehunt.com\\\/fr\\\/lille\\\/politique-de-confidentialite\\\/\",\"url\":\"https:\\\/\\\/escapehunt.com\\\/fr\\\/lille\\\/politique-de-confidentialite\\\/\",\"name\":\"Politique De Confidentialit\u00e9 | Escape Hunt Lille\",\"isPartOf\":{\"@id\":\"https:\\\/\\\/escapehunt.com\\\/fr\\\/lille\\\/#website\"},\"datePublished\":\"2018-10-03T12:44:38+00:00\",\"dateModified\":\"2019-03-13T13:22:57+00:00\",\"description\":\"Politique de confidentialit\u00e9 pour Escape Hunt. Consultez notre politique de confidentialit\u00e9 pour savoir comment nous recueillons et utilisons les donn\u00e9es.\",\"breadcrumb\":{\"@id\":\"https:\\\/\\\/escapehunt.com\\\/fr\\\/lille\\\/politique-de-confidentialite\\\/#breadcrumb\"},\"inLanguage\":\"fr-FR\",\"potentialAction\":[{\"@type\":\"ReadAction\",\"target\":[\"https:\\\/\\\/escapehunt.com\\\/fr\\\/lille\\\/politique-de-confidentialite\\\/\"]}]},{\"@type\":\"BreadcrumbList\",\"@id\":\"https:\\\/\\\/escapehunt.com\\\/fr\\\/lille\\\/politique-de-confidentialite\\\/#breadcrumb\",\"itemListElement\":[{\"@type\":\"ListItem\",\"position\":1,\"name\":\"Home\",\"item\":\"https:\\\/\\\/escapehunt.com\\\/fr\\\/lille\\\/\"},{\"@type\":\"ListItem\",\"position\":2,\"name\":\"Politique De Confidentialit\u00e9\"}]},{\"@type\":\"WebSite\",\"@id\":\"https:\\\/\\\/escapehunt.com\\\/fr\\\/lille\\\/#website\",\"url\":\"https:\\\/\\\/escapehunt.com\\\/fr\\\/lille\\\/\",\"name\":\"Lille\",\"description\":\"Escape Hunt Lille - The Number 1 Escape Game in Lille\",\"potentialAction\":[{\"@type\":\"SearchAction\",\"target\":{\"@type\":\"EntryPoint\",\"urlTemplate\":\"https:\\\/\\\/escapehunt.com\\\/fr\\\/lille\\\/?s={search_term_string}\"},\"query-input\":{\"@type\":\"PropertyValueSpecification\",\"valueRequired\":true,\"valueName\":\"search_term_string\"}}],\"inLanguage\":\"fr-FR\"}]}<\/script>\n<!-- \/ Yoast SEO plugin. -->","yoast_head_json":{"title":"Politique De Confidentialit\u00e9 | Escape Hunt Lille","description":"Politique de confidentialit\u00e9 pour Escape Hunt. Consultez notre politique de confidentialit\u00e9 pour savoir comment nous recueillons et utilisons les donn\u00e9es.","robots":{"index":"noindex","follow":"follow","max-snippet":"max-snippet:-1","max-image-preview":"max-image-preview:large","max-video-preview":"max-video-preview:-1"},"og_locale":"fr_FR","og_type":"article","og_title":"Politique De Confidentialit\u00e9 | Escape Hunt Lille","og_description":"Politique de confidentialit\u00e9 pour Escape Hunt. Consultez notre politique de confidentialit\u00e9 pour savoir comment nous recueillons et utilisons les donn\u00e9es.","og_url":"https:\/\/escapehunt.com\/fr\/lille\/politique-de-confidentialite\/","og_site_name":"Lille","article_modified_time":"2019-03-13T13:22:57+00:00","twitter_card":"summary_large_image","twitter_misc":{"Dur\u00e9e de lecture estim\u00e9e":"11 minutes"},"schema":{"@context":"https:\/\/schema.org","@graph":[{"@type":"WebPage","@id":"https:\/\/escapehunt.com\/fr\/lille\/politique-de-confidentialite\/","url":"https:\/\/escapehunt.com\/fr\/lille\/politique-de-confidentialite\/","name":"Politique De Confidentialit\u00e9 | Escape Hunt Lille","isPartOf":{"@id":"https:\/\/escapehunt.com\/fr\/lille\/#website"},"datePublished":"2018-10-03T12:44:38+00:00","dateModified":"2019-03-13T13:22:57+00:00","description":"Politique de confidentialit\u00e9 pour Escape Hunt. Consultez notre politique de confidentialit\u00e9 pour savoir comment nous recueillons et utilisons les donn\u00e9es.","breadcrumb":{"@id":"https:\/\/escapehunt.com\/fr\/lille\/politique-de-confidentialite\/#breadcrumb"},"inLanguage":"fr-FR","potentialAction":[{"@type":"ReadAction","target":["https:\/\/escapehunt.com\/fr\/lille\/politique-de-confidentialite\/"]}]},{"@type":"BreadcrumbList","@id":"https:\/\/escapehunt.com\/fr\/lille\/politique-de-confidentialite\/#breadcrumb","itemListElement":[{"@type":"ListItem","position":1,"name":"Home","item":"https:\/\/escapehunt.com\/fr\/lille\/"},{"@type":"ListItem","position":2,"name":"Politique De Confidentialit\u00e9"}]},{"@type":"WebSite","@id":"https:\/\/escapehunt.com\/fr\/lille\/#website","url":"https:\/\/escapehunt.com\/fr\/lille\/","name":"Lille","description":"Escape Hunt Lille - The Number 1 Escape Game in Lille","potentialAction":[{"@type":"SearchAction","target":{"@type":"EntryPoint","urlTemplate":"https:\/\/escapehunt.com\/fr\/lille\/?s={search_term_string}"},"query-input":{"@type":"PropertyValueSpecification","valueRequired":true,"valueName":"search_term_string"}}],"inLanguage":"fr-FR"}]}},"custom_schema_json":"","_links":{"self":[{"href":"https:\/\/staging3.escapehunt.com\/fr\/lille\/wp-json\/wp\/v2\/pages\/142","targetHints":{"allow":["GET"]}}],"collection":[{"href":"https:\/\/staging3.escapehunt.com\/fr\/lille\/wp-json\/wp\/v2\/pages"}],"about":[{"href":"https:\/\/staging3.escapehunt.com\/fr\/lille\/wp-json\/wp\/v2\/types\/page"}],"author":[{"embeddable":true,"href":"https:\/\/staging3.escapehunt.com\/fr\/lille\/wp-json\/wp\/v2\/users\/12"}],"replies":[{"embeddable":true,"href":"https:\/\/staging3.escapehunt.com\/fr\/lille\/wp-json\/wp\/v2\/comments?post=142"}],"version-history":[{"count":0,"href":"https:\/\/staging3.escapehunt.com\/fr\/lille\/wp-json\/wp\/v2\/pages\/142\/revisions"}],"wp:attachment":[{"href":"https:\/\/staging3.escapehunt.com\/fr\/lille\/wp-json\/wp\/v2\/media?parent=142"}],"curies":[{"name":"wp","href":"https:\/\/api.w.org\/{rel}","templated":true}]}}