{"id":110,"date":"2018-10-03T11:43:55","date_gmt":"2018-10-03T11:43:55","guid":{"rendered":"http:\/\/s27835.p712.sites.pressdns.com\/fr\/bordeaux\/?page_id=110"},"modified":"2021-06-15T14:58:18","modified_gmt":"2021-06-15T14:58:18","slug":"trouvez-nous","status":"publish","type":"page","link":"https:\/\/staging3.escapehunt.com\/fr\/marseille\/trouvez-nous\/","title":{"rendered":"ESCAPE HUNT \u00c0 PLAN DE CAMPAGNE"},"content":{"rendered":"<h5 style=\"text-align: center;\"><strong>Quartier de la Voilerie<br \/>\nZone Commerciale Plan de Campagne<\/strong><\/h5>\n<p style=\"text-align: center;\">Nous sommes situ\u00e9s derri\u00e8re Roche Bobois et Cuir Center. Au rond point de Conforama, prendre la direction du Ibis Style, \u00e0 droite. Au rond point suivant prendre \u00e0 droite. Nous sommes situ\u00e9s sur le cot\u00e9 gauche de la rue \u00e0 c\u00f4t\u00e9 du magasin \u00ab\u00a0Art \u00c9questre\u00a0\u00bb.<\/p>\n","protected":false},"excerpt":{"rendered":"<p>Quartier de la Voilerie Zone Commerciale Plan de Campagne Nous sommes situ\u00e9s derri\u00e8re Roche Bobois et Cuir Center. Au rond point de Conforama, prendre la direction du Ibis Style, \u00e0&hellip;<\/p>\n","protected":false},"author":12,"featured_media":0,"parent":0,"menu_order":0,"comment_status":"closed","ping_status":"closed","template":"views\/find-us-multi.php","meta":{"_acf_changed":false,"footnotes":""},"class_list":["post-110","page","type-page","status-publish","hentry"],"acf":{"custom_schema_json":""},"yoast_head":"<!-- This site is optimized with the Yoast SEO plugin v27.3 - https:\/\/yoast.com\/product\/yoast-seo-wordpress\/ -->\n<title>ESCAPE HUNT \u00c0 PLAN DE CAMPAGNE - Trouvez Nous | Escape Hunt Marseille<\/title>\n<meta name=\"description\" content=\"Carte du quartier, informations pratiques pour pr\u00e9parer votre venue chez Escape Hunt Marseille\" \/>\n<meta name=\"robots\" content=\"noindex, follow, max-snippet:-1, max-image-preview:large, max-video-preview:-1\" \/>\n<meta property=\"og:locale\" content=\"fr_FR\" \/>\n<meta property=\"og:type\" content=\"article\" \/>\n<meta property=\"og:title\" content=\"ESCAPE HUNT \u00c0 PLAN DE CAMPAGNE - Trouvez Nous | Escape Hunt Marseille\" \/>\n<meta property=\"og:description\" content=\"Carte du quartier, informations pratiques pour pr\u00e9parer votre venue chez Escape Hunt Marseille\" \/>\n<meta property=\"og:url\" content=\"https:\/\/escapehunt.com\/fr\/marseille\/trouvez-nous\/\" \/>\n<meta property=\"og:site_name\" content=\"Marseille\" \/>\n<meta property=\"article:modified_time\" content=\"2021-06-15T14:58:18+00:00\" \/>\n<meta name=\"twitter:card\" content=\"summary_large_image\" \/>\n<meta name=\"twitter:label1\" content=\"Dur\u00e9e de lecture estim\u00e9e\" \/>\n\t<meta name=\"twitter:data1\" content=\"1 minute\" \/>\n<script type=\"application\/ld+json\" class=\"yoast-schema-graph\">{\"@context\":\"https:\\\/\\\/schema.org\",\"@graph\":[{\"@type\":\"WebPage\",\"@id\":\"https:\\\/\\\/escapehunt.com\\\/fr\\\/marseille\\\/trouvez-nous\\\/\",\"url\":\"https:\\\/\\\/escapehunt.com\\\/fr\\\/marseille\\\/trouvez-nous\\\/\",\"name\":\"ESCAPE HUNT \u00c0 PLAN DE CAMPAGNE - Trouvez Nous | Escape Hunt Marseille\",\"isPartOf\":{\"@id\":\"https:\\\/\\\/escapehunt.com\\\/fr\\\/marseille\\\/#website\"},\"datePublished\":\"2018-10-03T11:43:55+00:00\",\"dateModified\":\"2021-06-15T14:58:18+00:00\",\"description\":\"Carte du quartier, informations pratiques pour pr\u00e9parer votre venue chez Escape Hunt Marseille\",\"breadcrumb\":{\"@id\":\"https:\\\/\\\/escapehunt.com\\\/fr\\\/marseille\\\/trouvez-nous\\\/#breadcrumb\"},\"inLanguage\":\"fr-FR\",\"potentialAction\":[{\"@type\":\"ReadAction\",\"target\":[\"https:\\\/\\\/escapehunt.com\\\/fr\\\/marseille\\\/trouvez-nous\\\/\"]}]},{\"@type\":\"BreadcrumbList\",\"@id\":\"https:\\\/\\\/escapehunt.com\\\/fr\\\/marseille\\\/trouvez-nous\\\/#breadcrumb\",\"itemListElement\":[{\"@type\":\"ListItem\",\"position\":1,\"name\":\"Home\",\"item\":\"https:\\\/\\\/escapehunt.com\\\/fr\\\/marseille\\\/\"},{\"@type\":\"ListItem\",\"position\":2,\"name\":\"ESCAPE HUNT \u00c0 PLAN DE CAMPAGNE\"}]},{\"@type\":\"WebSite\",\"@id\":\"https:\\\/\\\/escapehunt.com\\\/fr\\\/marseille\\\/#website\",\"url\":\"https:\\\/\\\/escapehunt.com\\\/fr\\\/marseille\\\/\",\"name\":\"Marseille\",\"description\":\"Escape Hunt Marseille \u2013 L\u2019Escape Game Num\u00e9ro 1 \u00e0 Marseille\",\"potentialAction\":[{\"@type\":\"SearchAction\",\"target\":{\"@type\":\"EntryPoint\",\"urlTemplate\":\"https:\\\/\\\/escapehunt.com\\\/fr\\\/marseille\\\/?s={search_term_string}\"},\"query-input\":{\"@type\":\"PropertyValueSpecification\",\"valueRequired\":true,\"valueName\":\"search_term_string\"}}],\"inLanguage\":\"fr-FR\"}]}<\/script>\n<!-- \/ Yoast SEO plugin. -->","yoast_head_json":{"title":"ESCAPE HUNT \u00c0 PLAN DE CAMPAGNE - Trouvez Nous | Escape Hunt Marseille","description":"Carte du quartier, informations pratiques pour pr\u00e9parer votre venue chez Escape Hunt Marseille","robots":{"index":"noindex","follow":"follow","max-snippet":"max-snippet:-1","max-image-preview":"max-image-preview:large","max-video-preview":"max-video-preview:-1"},"og_locale":"fr_FR","og_type":"article","og_title":"ESCAPE HUNT \u00c0 PLAN DE CAMPAGNE - Trouvez Nous | Escape Hunt Marseille","og_description":"Carte du quartier, informations pratiques pour pr\u00e9parer votre venue chez Escape Hunt Marseille","og_url":"https:\/\/escapehunt.com\/fr\/marseille\/trouvez-nous\/","og_site_name":"Marseille","article_modified_time":"2021-06-15T14:58:18+00:00","twitter_card":"summary_large_image","twitter_misc":{"Dur\u00e9e de lecture estim\u00e9e":"1 minute"},"schema":{"@context":"https:\/\/schema.org","@graph":[{"@type":"WebPage","@id":"https:\/\/escapehunt.com\/fr\/marseille\/trouvez-nous\/","url":"https:\/\/escapehunt.com\/fr\/marseille\/trouvez-nous\/","name":"ESCAPE HUNT \u00c0 PLAN DE CAMPAGNE - Trouvez Nous | Escape Hunt Marseille","isPartOf":{"@id":"https:\/\/escapehunt.com\/fr\/marseille\/#website"},"datePublished":"2018-10-03T11:43:55+00:00","dateModified":"2021-06-15T14:58:18+00:00","description":"Carte du quartier, informations pratiques pour pr\u00e9parer votre venue chez Escape Hunt Marseille","breadcrumb":{"@id":"https:\/\/escapehunt.com\/fr\/marseille\/trouvez-nous\/#breadcrumb"},"inLanguage":"fr-FR","potentialAction":[{"@type":"ReadAction","target":["https:\/\/escapehunt.com\/fr\/marseille\/trouvez-nous\/"]}]},{"@type":"BreadcrumbList","@id":"https:\/\/escapehunt.com\/fr\/marseille\/trouvez-nous\/#breadcrumb","itemListElement":[{"@type":"ListItem","position":1,"name":"Home","item":"https:\/\/escapehunt.com\/fr\/marseille\/"},{"@type":"ListItem","position":2,"name":"ESCAPE HUNT \u00c0 PLAN DE CAMPAGNE"}]},{"@type":"WebSite","@id":"https:\/\/escapehunt.com\/fr\/marseille\/#website","url":"https:\/\/escapehunt.com\/fr\/marseille\/","name":"Marseille","description":"Escape Hunt Marseille \u2013 L\u2019Escape Game Num\u00e9ro 1 \u00e0 Marseille","potentialAction":[{"@type":"SearchAction","target":{"@type":"EntryPoint","urlTemplate":"https:\/\/escapehunt.com\/fr\/marseille\/?s={search_term_string}"},"query-input":{"@type":"PropertyValueSpecification","valueRequired":true,"valueName":"search_term_string"}}],"inLanguage":"fr-FR"}]}},"custom_schema_json":"","_links":{"self":[{"href":"https:\/\/staging3.escapehunt.com\/fr\/marseille\/wp-json\/wp\/v2\/pages\/110","targetHints":{"allow":["GET"]}}],"collection":[{"href":"https:\/\/staging3.escapehunt.com\/fr\/marseille\/wp-json\/wp\/v2\/pages"}],"about":[{"href":"https:\/\/staging3.escapehunt.com\/fr\/marseille\/wp-json\/wp\/v2\/types\/page"}],"author":[{"embeddable":true,"href":"https:\/\/staging3.escapehunt.com\/fr\/marseille\/wp-json\/wp\/v2\/users\/12"}],"replies":[{"embeddable":true,"href":"https:\/\/staging3.escapehunt.com\/fr\/marseille\/wp-json\/wp\/v2\/comments?post=110"}],"version-history":[{"count":0,"href":"https:\/\/staging3.escapehunt.com\/fr\/marseille\/wp-json\/wp\/v2\/pages\/110\/revisions"}],"wp:attachment":[{"href":"https:\/\/staging3.escapehunt.com\/fr\/marseille\/wp-json\/wp\/v2\/media?parent=110"}],"curies":[{"name":"wp","href":"https:\/\/api.w.org\/{rel}","templated":true}]}}