{"id":74,"date":"2018-10-03T09:01:13","date_gmt":"2018-10-03T09:01:13","guid":{"rendered":"http:\/\/s27835.p712.sites.pressdns.com\/fr\/bordeaux\/?page_id=74"},"modified":"2019-04-17T13:11:51","modified_gmt":"2019-04-17T13:11:51","slug":"evenement-particuliers","status":"publish","type":"page","link":"https:\/\/staging3.escapehunt.com\/fr\/metz\/evenement-particuliers\/","title":{"rendered":"\u00c9V\u00c9NEMENTS PARTICULIERS"},"content":{"rendered":"<p>Escape Hunt est le lieu ideal pour vos \u00e9v\u00e8nements particuliers : soir\u00e9e entre amis, anniversaire ou encore EVJF \/ EVG !<\/p>\n","protected":false},"excerpt":{"rendered":"<p>Escape Hunt est le lieu ideal pour vos \u00e9v\u00e8nements particuliers : soir\u00e9e entre amis, anniversaire ou encore EVJF \/ EVG !<\/p>\n","protected":false},"author":12,"featured_media":0,"parent":0,"menu_order":0,"comment_status":"closed","ping_status":"closed","template":"views\/social-events.php","meta":{"_acf_changed":false,"footnotes":""},"class_list":["post-74","page","type-page","status-publish","hentry"],"acf":{"custom_schema_json":""},"yoast_head":"<!-- This site is optimized with the Yoast SEO plugin v27.3 - https:\/\/yoast.com\/product\/yoast-seo-wordpress\/ -->\n<title>\u00c9v\u00e9nements particuliers | Escape Hunt Metz<\/title>\n<meta name=\"description\" content=\"L&#039;activit\u00e9 id\u00e9ale entre amis pour un anniversaire, evg - evjf ou pour toute occasion ! N&#039;h\u00e9sitez pas \u00e0 nous contacter pour organiser ensemble votre soir\u00e9e parfaite chez Escape Hunt Metz. ! R\u00e9servations en ligne.\" \/>\n<meta name=\"robots\" content=\"noindex, follow, max-snippet:-1, max-image-preview:large, max-video-preview:-1\" \/>\n<meta property=\"og:locale\" content=\"fr_FR\" \/>\n<meta property=\"og:type\" content=\"article\" \/>\n<meta property=\"og:title\" content=\"\u00c9v\u00e9nements particuliers | Escape Hunt Metz\" \/>\n<meta property=\"og:description\" content=\"L&#039;activit\u00e9 id\u00e9ale entre amis pour un anniversaire, evg - evjf ou pour toute occasion ! N&#039;h\u00e9sitez pas \u00e0 nous contacter pour organiser ensemble votre soir\u00e9e parfaite chez Escape Hunt Metz. ! R\u00e9servations en ligne.\" \/>\n<meta property=\"og:url\" content=\"https:\/\/escapehunt.com\/fr\/metz\/evenement-particuliers\/\" \/>\n<meta property=\"og:site_name\" content=\"Metz\" \/>\n<meta property=\"article:modified_time\" content=\"2019-04-17T13:11:51+00:00\" \/>\n<meta name=\"twitter:card\" content=\"summary_large_image\" \/>\n<script type=\"application\/ld+json\" class=\"yoast-schema-graph\">{\"@context\":\"https:\\\/\\\/schema.org\",\"@graph\":[{\"@type\":\"WebPage\",\"@id\":\"https:\\\/\\\/escapehunt.com\\\/fr\\\/metz\\\/evenement-particuliers\\\/\",\"url\":\"https:\\\/\\\/escapehunt.com\\\/fr\\\/metz\\\/evenement-particuliers\\\/\",\"name\":\"\u00c9v\u00e9nements particuliers | Escape Hunt Metz\",\"isPartOf\":{\"@id\":\"https:\\\/\\\/escapehunt.com\\\/fr\\\/metz\\\/#website\"},\"datePublished\":\"2018-10-03T09:01:13+00:00\",\"dateModified\":\"2019-04-17T13:11:51+00:00\",\"description\":\"L'activit\u00e9 id\u00e9ale entre amis pour un anniversaire, evg - evjf ou pour toute occasion ! N'h\u00e9sitez pas \u00e0 nous contacter pour organiser ensemble votre soir\u00e9e parfaite chez Escape Hunt Metz. ! R\u00e9servations en ligne.\",\"breadcrumb\":{\"@id\":\"https:\\\/\\\/escapehunt.com\\\/fr\\\/metz\\\/evenement-particuliers\\\/#breadcrumb\"},\"inLanguage\":\"fr-FR\",\"potentialAction\":[{\"@type\":\"ReadAction\",\"target\":[\"https:\\\/\\\/escapehunt.com\\\/fr\\\/metz\\\/evenement-particuliers\\\/\"]}]},{\"@type\":\"BreadcrumbList\",\"@id\":\"https:\\\/\\\/escapehunt.com\\\/fr\\\/metz\\\/evenement-particuliers\\\/#breadcrumb\",\"itemListElement\":[{\"@type\":\"ListItem\",\"position\":1,\"name\":\"Home\",\"item\":\"https:\\\/\\\/escapehunt.com\\\/fr\\\/metz\\\/\"},{\"@type\":\"ListItem\",\"position\":2,\"name\":\"\u00c9V\u00c9NEMENTS PARTICULIERS\"}]},{\"@type\":\"WebSite\",\"@id\":\"https:\\\/\\\/escapehunt.com\\\/fr\\\/metz\\\/#website\",\"url\":\"https:\\\/\\\/escapehunt.com\\\/fr\\\/metz\\\/\",\"name\":\"Metz\",\"description\":\"Escape Hunt Metz \u2013 L&#039;Escape Game Incontournable \u00e0 Metz\",\"potentialAction\":[{\"@type\":\"SearchAction\",\"target\":{\"@type\":\"EntryPoint\",\"urlTemplate\":\"https:\\\/\\\/escapehunt.com\\\/fr\\\/metz\\\/?s={search_term_string}\"},\"query-input\":{\"@type\":\"PropertyValueSpecification\",\"valueRequired\":true,\"valueName\":\"search_term_string\"}}],\"inLanguage\":\"fr-FR\"}]}<\/script>\n<!-- \/ Yoast SEO plugin. -->","yoast_head_json":{"title":"\u00c9v\u00e9nements particuliers | Escape Hunt Metz","description":"L'activit\u00e9 id\u00e9ale entre amis pour un anniversaire, evg - evjf ou pour toute occasion ! N'h\u00e9sitez pas \u00e0 nous contacter pour organiser ensemble votre soir\u00e9e parfaite chez Escape Hunt Metz. ! R\u00e9servations en ligne.","robots":{"index":"noindex","follow":"follow","max-snippet":"max-snippet:-1","max-image-preview":"max-image-preview:large","max-video-preview":"max-video-preview:-1"},"og_locale":"fr_FR","og_type":"article","og_title":"\u00c9v\u00e9nements particuliers | Escape Hunt Metz","og_description":"L'activit\u00e9 id\u00e9ale entre amis pour un anniversaire, evg - evjf ou pour toute occasion ! N'h\u00e9sitez pas \u00e0 nous contacter pour organiser ensemble votre soir\u00e9e parfaite chez Escape Hunt Metz. ! R\u00e9servations en ligne.","og_url":"https:\/\/escapehunt.com\/fr\/metz\/evenement-particuliers\/","og_site_name":"Metz","article_modified_time":"2019-04-17T13:11:51+00:00","twitter_card":"summary_large_image","schema":{"@context":"https:\/\/schema.org","@graph":[{"@type":"WebPage","@id":"https:\/\/escapehunt.com\/fr\/metz\/evenement-particuliers\/","url":"https:\/\/escapehunt.com\/fr\/metz\/evenement-particuliers\/","name":"\u00c9v\u00e9nements particuliers | Escape Hunt Metz","isPartOf":{"@id":"https:\/\/escapehunt.com\/fr\/metz\/#website"},"datePublished":"2018-10-03T09:01:13+00:00","dateModified":"2019-04-17T13:11:51+00:00","description":"L'activit\u00e9 id\u00e9ale entre amis pour un anniversaire, evg - evjf ou pour toute occasion ! N'h\u00e9sitez pas \u00e0 nous contacter pour organiser ensemble votre soir\u00e9e parfaite chez Escape Hunt Metz. ! R\u00e9servations en ligne.","breadcrumb":{"@id":"https:\/\/escapehunt.com\/fr\/metz\/evenement-particuliers\/#breadcrumb"},"inLanguage":"fr-FR","potentialAction":[{"@type":"ReadAction","target":["https:\/\/escapehunt.com\/fr\/metz\/evenement-particuliers\/"]}]},{"@type":"BreadcrumbList","@id":"https:\/\/escapehunt.com\/fr\/metz\/evenement-particuliers\/#breadcrumb","itemListElement":[{"@type":"ListItem","position":1,"name":"Home","item":"https:\/\/escapehunt.com\/fr\/metz\/"},{"@type":"ListItem","position":2,"name":"\u00c9V\u00c9NEMENTS PARTICULIERS"}]},{"@type":"WebSite","@id":"https:\/\/escapehunt.com\/fr\/metz\/#website","url":"https:\/\/escapehunt.com\/fr\/metz\/","name":"Metz","description":"Escape Hunt Metz \u2013 L&#039;Escape Game Incontournable \u00e0 Metz","potentialAction":[{"@type":"SearchAction","target":{"@type":"EntryPoint","urlTemplate":"https:\/\/escapehunt.com\/fr\/metz\/?s={search_term_string}"},"query-input":{"@type":"PropertyValueSpecification","valueRequired":true,"valueName":"search_term_string"}}],"inLanguage":"fr-FR"}]}},"custom_schema_json":"","_links":{"self":[{"href":"https:\/\/staging3.escapehunt.com\/fr\/metz\/wp-json\/wp\/v2\/pages\/74","targetHints":{"allow":["GET"]}}],"collection":[{"href":"https:\/\/staging3.escapehunt.com\/fr\/metz\/wp-json\/wp\/v2\/pages"}],"about":[{"href":"https:\/\/staging3.escapehunt.com\/fr\/metz\/wp-json\/wp\/v2\/types\/page"}],"author":[{"embeddable":true,"href":"https:\/\/staging3.escapehunt.com\/fr\/metz\/wp-json\/wp\/v2\/users\/12"}],"replies":[{"embeddable":true,"href":"https:\/\/staging3.escapehunt.com\/fr\/metz\/wp-json\/wp\/v2\/comments?post=74"}],"version-history":[{"count":0,"href":"https:\/\/staging3.escapehunt.com\/fr\/metz\/wp-json\/wp\/v2\/pages\/74\/revisions"}],"wp:attachment":[{"href":"https:\/\/staging3.escapehunt.com\/fr\/metz\/wp-json\/wp\/v2\/media?parent=74"}],"curies":[{"name":"wp","href":"https:\/\/api.w.org\/{rel}","templated":true}]}}