{"id":75,"date":"2018-10-03T09:01:18","date_gmt":"2018-10-03T09:01:18","guid":{"rendered":"http:\/\/s27835.p712.sites.pressdns.com\/fr\/bordeaux\/?page_id=75"},"modified":"2022-04-28T16:40:41","modified_gmt":"2022-04-28T16:40:41","slug":"teambuilding","status":"publish","type":"page","link":"https:\/\/staging3.escapehunt.com\/fr\/paris\/teambuilding\/","title":{"rendered":"\u00c9V\u00c9NEMENTS POUR LES ENTREPRISES"},"content":{"rendered":"<p>Escape Hunt Paris est le lieu id\u00e9al pour organiser votre teambuilding, votre soir\u00e9e d&rsquo;entreprise ou votre s\u00e9minaire.<\/p>\n","protected":false},"excerpt":{"rendered":"<p>Escape Hunt Paris est le lieu id\u00e9al pour organiser votre teambuilding, votre soir\u00e9e d&rsquo;entreprise ou votre s\u00e9minaire.<\/p>\n","protected":false},"author":16,"featured_media":0,"parent":0,"menu_order":5,"comment_status":"closed","ping_status":"closed","template":"views\/team-building.php","meta":{"_acf_changed":false,"footnotes":""},"class_list":["post-75","page","type-page","status-publish","hentry"],"acf":{"custom_schema_json":""},"yoast_head":"<!-- This site is optimized with the Yoast SEO plugin v27.3 - https:\/\/yoast.com\/product\/yoast-seo-wordpress\/ -->\n<title>Teambuilding et \u00e9v\u00e9nements d&#039;entreprise | Escape Hunt Paris<\/title>\n<meta name=\"description\" content=\"L&#039;activit\u00e9 id\u00e9ale pour un \u00e9v\u00e9nement d&#039;entreprise et favoriser la coh\u00e9sion d&#039;\u00e9quipe. Contactez nous pour concevoir votre evenement sur mesure : soir\u00e9e de No\u00ebl, teambuilding, int\u00e9gration, pot de d\u00e9part.\" \/>\n<meta name=\"robots\" content=\"noindex, follow, max-snippet:-1, max-image-preview:large, max-video-preview:-1\" \/>\n<meta property=\"og:locale\" content=\"fr_FR\" \/>\n<meta property=\"og:type\" content=\"article\" \/>\n<meta property=\"og:title\" content=\"Teambuilding et \u00e9v\u00e9nements d&#039;entreprise | Escape Hunt Paris\" \/>\n<meta property=\"og:description\" content=\"L&#039;activit\u00e9 id\u00e9ale pour un \u00e9v\u00e9nement d&#039;entreprise et favoriser la coh\u00e9sion d&#039;\u00e9quipe. Contactez nous pour concevoir votre evenement sur mesure : soir\u00e9e de No\u00ebl, teambuilding, int\u00e9gration, pot de d\u00e9part.\" \/>\n<meta property=\"og:url\" content=\"https:\/\/staging3.escapehunt.com\/fr\/paris\/teambuilding\/\" \/>\n<meta property=\"og:site_name\" content=\"Paris\" \/>\n<meta property=\"article:modified_time\" content=\"2022-04-28T16:40:41+00:00\" \/>\n<meta name=\"twitter:card\" content=\"summary_large_image\" \/>\n<script type=\"application\/ld+json\" class=\"yoast-schema-graph\">{\"@context\":\"https:\\\/\\\/schema.org\",\"@graph\":[{\"@type\":\"WebPage\",\"@id\":\"https:\\\/\\\/staging3.escapehunt.com\\\/fr\\\/paris\\\/teambuilding\\\/\",\"url\":\"https:\\\/\\\/staging3.escapehunt.com\\\/fr\\\/paris\\\/teambuilding\\\/\",\"name\":\"Teambuilding et \u00e9v\u00e9nements d'entreprise | Escape Hunt Paris\",\"isPartOf\":{\"@id\":\"https:\\\/\\\/escapehunt.com\\\/fr\\\/paris\\\/#website\"},\"datePublished\":\"2018-10-03T09:01:18+00:00\",\"dateModified\":\"2022-04-28T16:40:41+00:00\",\"description\":\"L'activit\u00e9 id\u00e9ale pour un \u00e9v\u00e9nement d'entreprise et favoriser la coh\u00e9sion d'\u00e9quipe. Contactez nous pour concevoir votre evenement sur mesure : soir\u00e9e de No\u00ebl, teambuilding, int\u00e9gration, pot de d\u00e9part.\",\"breadcrumb\":{\"@id\":\"https:\\\/\\\/staging3.escapehunt.com\\\/fr\\\/paris\\\/teambuilding\\\/#breadcrumb\"},\"inLanguage\":\"fr-FR\",\"potentialAction\":[{\"@type\":\"ReadAction\",\"target\":[\"https:\\\/\\\/staging3.escapehunt.com\\\/fr\\\/paris\\\/teambuilding\\\/\"]}]},{\"@type\":\"BreadcrumbList\",\"@id\":\"https:\\\/\\\/staging3.escapehunt.com\\\/fr\\\/paris\\\/teambuilding\\\/#breadcrumb\",\"itemListElement\":[{\"@type\":\"ListItem\",\"position\":1,\"name\":\"Blog\",\"item\":\"https:\\\/\\\/staging3.escapehunt.com\\\/fr\\\/paris\\\/blog\\\/\"},{\"@type\":\"ListItem\",\"position\":2,\"name\":\"\u00c9V\u00c9NEMENTS POUR LES ENTREPRISES\"}]},{\"@type\":\"WebSite\",\"@id\":\"https:\\\/\\\/escapehunt.com\\\/fr\\\/paris\\\/#website\",\"url\":\"https:\\\/\\\/escapehunt.com\\\/fr\\\/paris\\\/\",\"name\":\"Paris\",\"description\":\"Escape Hunt Paris - Number 1 Escape Game in Paris\",\"potentialAction\":[{\"@type\":\"SearchAction\",\"target\":{\"@type\":\"EntryPoint\",\"urlTemplate\":\"https:\\\/\\\/escapehunt.com\\\/fr\\\/paris\\\/?s={search_term_string}\"},\"query-input\":{\"@type\":\"PropertyValueSpecification\",\"valueRequired\":true,\"valueName\":\"search_term_string\"}}],\"inLanguage\":\"fr-FR\"}]}<\/script>\n<!-- \/ Yoast SEO plugin. -->","yoast_head_json":{"title":"Teambuilding et \u00e9v\u00e9nements d'entreprise | Escape Hunt Paris","description":"L'activit\u00e9 id\u00e9ale pour un \u00e9v\u00e9nement d'entreprise et favoriser la coh\u00e9sion d'\u00e9quipe. Contactez nous pour concevoir votre evenement sur mesure : soir\u00e9e de No\u00ebl, teambuilding, int\u00e9gration, pot de d\u00e9part.","robots":{"index":"noindex","follow":"follow","max-snippet":"max-snippet:-1","max-image-preview":"max-image-preview:large","max-video-preview":"max-video-preview:-1"},"og_locale":"fr_FR","og_type":"article","og_title":"Teambuilding et \u00e9v\u00e9nements d'entreprise | Escape Hunt Paris","og_description":"L'activit\u00e9 id\u00e9ale pour un \u00e9v\u00e9nement d'entreprise et favoriser la coh\u00e9sion d'\u00e9quipe. Contactez nous pour concevoir votre evenement sur mesure : soir\u00e9e de No\u00ebl, teambuilding, int\u00e9gration, pot de d\u00e9part.","og_url":"https:\/\/staging3.escapehunt.com\/fr\/paris\/teambuilding\/","og_site_name":"Paris","article_modified_time":"2022-04-28T16:40:41+00:00","twitter_card":"summary_large_image","schema":{"@context":"https:\/\/schema.org","@graph":[{"@type":"WebPage","@id":"https:\/\/staging3.escapehunt.com\/fr\/paris\/teambuilding\/","url":"https:\/\/staging3.escapehunt.com\/fr\/paris\/teambuilding\/","name":"Teambuilding et \u00e9v\u00e9nements d'entreprise | Escape Hunt Paris","isPartOf":{"@id":"https:\/\/escapehunt.com\/fr\/paris\/#website"},"datePublished":"2018-10-03T09:01:18+00:00","dateModified":"2022-04-28T16:40:41+00:00","description":"L'activit\u00e9 id\u00e9ale pour un \u00e9v\u00e9nement d'entreprise et favoriser la coh\u00e9sion d'\u00e9quipe. Contactez nous pour concevoir votre evenement sur mesure : soir\u00e9e de No\u00ebl, teambuilding, int\u00e9gration, pot de d\u00e9part.","breadcrumb":{"@id":"https:\/\/staging3.escapehunt.com\/fr\/paris\/teambuilding\/#breadcrumb"},"inLanguage":"fr-FR","potentialAction":[{"@type":"ReadAction","target":["https:\/\/staging3.escapehunt.com\/fr\/paris\/teambuilding\/"]}]},{"@type":"BreadcrumbList","@id":"https:\/\/staging3.escapehunt.com\/fr\/paris\/teambuilding\/#breadcrumb","itemListElement":[{"@type":"ListItem","position":1,"name":"Blog","item":"https:\/\/staging3.escapehunt.com\/fr\/paris\/blog\/"},{"@type":"ListItem","position":2,"name":"\u00c9V\u00c9NEMENTS POUR LES ENTREPRISES"}]},{"@type":"WebSite","@id":"https:\/\/escapehunt.com\/fr\/paris\/#website","url":"https:\/\/escapehunt.com\/fr\/paris\/","name":"Paris","description":"Escape Hunt Paris - Number 1 Escape Game in Paris","potentialAction":[{"@type":"SearchAction","target":{"@type":"EntryPoint","urlTemplate":"https:\/\/escapehunt.com\/fr\/paris\/?s={search_term_string}"},"query-input":{"@type":"PropertyValueSpecification","valueRequired":true,"valueName":"search_term_string"}}],"inLanguage":"fr-FR"}]}},"custom_schema_json":"","_links":{"self":[{"href":"https:\/\/staging3.escapehunt.com\/fr\/paris\/wp-json\/wp\/v2\/pages\/75","targetHints":{"allow":["GET"]}}],"collection":[{"href":"https:\/\/staging3.escapehunt.com\/fr\/paris\/wp-json\/wp\/v2\/pages"}],"about":[{"href":"https:\/\/staging3.escapehunt.com\/fr\/paris\/wp-json\/wp\/v2\/types\/page"}],"author":[{"embeddable":true,"href":"https:\/\/staging3.escapehunt.com\/fr\/paris\/wp-json\/wp\/v2\/users\/16"}],"replies":[{"embeddable":true,"href":"https:\/\/staging3.escapehunt.com\/fr\/paris\/wp-json\/wp\/v2\/comments?post=75"}],"version-history":[{"count":0,"href":"https:\/\/staging3.escapehunt.com\/fr\/paris\/wp-json\/wp\/v2\/pages\/75\/revisions"}],"wp:attachment":[{"href":"https:\/\/staging3.escapehunt.com\/fr\/paris\/wp-json\/wp\/v2\/media?parent=75"}],"curies":[{"name":"wp","href":"https:\/\/api.w.org\/{rel}","templated":true}]}}