{"id":329,"date":"2019-04-02T16:15:41","date_gmt":"2019-04-02T16:15:41","guid":{"rendered":"https:\/\/staging3.escapehunt.com\/pt\/lisbon\/?page_id=329"},"modified":"2024-02-22T17:36:47","modified_gmt":"2024-02-22T17:36:47","slug":"escape-hunt-porto","status":"publish","type":"page","link":"https:\/\/staging3.escapehunt.com\/pt\/porto\/escape-hunt-porto\/","title":{"rendered":"ESCAPE HUNT PORTO"},"content":{"rendered":"<p><strong>Dire\u00e7\u00e3o:<\/strong><br \/>\nPra\u00e7a da Batalha \u2013 depois desce a Rua Alexandre Herculano at\u00e9 ao n\u00famero 251.<\/p>\n<p>&nbsp;<\/p>\n<p><strong>AUTOCARROS:<\/strong><br \/>\n305; 400 ; 500 ; 601 ; 700 ; 702<\/p>\n<p>&nbsp;<\/p>\n<p><strong>METRO<\/strong><br \/>\nEsta\u00e7\u00e3o S\u00e3o Bento. Depois sobe at\u00e9 \u00e0 Pra\u00e7a da Batalha e desce pela Rua Alexandre Herculano.<\/p>\n<p>&nbsp;<\/p>\n<p><strong>COMBOIO<\/strong><br \/>\nEsta\u00e7\u00e3o S\u00e3o Bento. Depois sobe at\u00e9 \u00e0 Pra\u00e7a da Batalha e desce pela Rua Alexandre Herculano.<\/p>\n","protected":false},"excerpt":{"rendered":"<p>Dire\u00e7\u00e3o: Pra\u00e7a da Batalha \u2013 depois desce a Rua Alexandre Herculano at\u00e9 ao n\u00famero 251. &nbsp; AUTOCARROS: 305; 400 ; 500 ; 601 ; 700 ; 702 &nbsp; METRO Esta\u00e7\u00e3o&hellip;<\/p>\n","protected":false},"author":19,"featured_media":0,"parent":0,"menu_order":0,"comment_status":"closed","ping_status":"closed","template":"views\/find-us.php","meta":{"_acf_changed":false,"footnotes":""},"class_list":["post-329","page","type-page","status-publish","hentry"],"acf":{"custom_schema_json":""},"yoast_head":"<!-- This site is optimized with the Yoast SEO plugin v27.3 - https:\/\/yoast.com\/product\/yoast-seo-wordpress\/ -->\n<title>ESCAPE HUNT PORTO - Porto<\/title>\n<meta name=\"robots\" content=\"noindex, follow, max-snippet:-1, max-image-preview:large, max-video-preview:-1\" \/>\n<meta property=\"og:locale\" content=\"pt_PT\" \/>\n<meta property=\"og:type\" content=\"article\" \/>\n<meta property=\"og:title\" content=\"ESCAPE HUNT PORTO - Porto\" \/>\n<meta property=\"og:description\" content=\"Dire\u00e7\u00e3o: Pra\u00e7a da Batalha \u2013 depois desce a Rua Alexandre Herculano at\u00e9 ao n\u00famero 251. &nbsp; AUTOCARROS: 305; 400 ; 500 ; 601 ; 700 ; 702 &nbsp; METRO Esta\u00e7\u00e3o&hellip;\" \/>\n<meta property=\"og:url\" content=\"https:\/\/escapehunt.com\/pt\/porto\/escape-hunt-porto\/\" \/>\n<meta property=\"og:site_name\" content=\"Porto\" \/>\n<meta property=\"article:modified_time\" content=\"2024-02-22T17:36:47+00:00\" \/>\n<meta name=\"twitter:card\" content=\"summary_large_image\" \/>\n<meta name=\"twitter:label1\" content=\"Tempo estimado de leitura\" \/>\n\t<meta name=\"twitter:data1\" content=\"1 minuto\" \/>\n<script type=\"application\/ld+json\" class=\"yoast-schema-graph\">{\"@context\":\"https:\\\/\\\/schema.org\",\"@graph\":[{\"@type\":\"WebPage\",\"@id\":\"https:\\\/\\\/escapehunt.com\\\/pt\\\/porto\\\/escape-hunt-porto\\\/\",\"url\":\"https:\\\/\\\/escapehunt.com\\\/pt\\\/porto\\\/escape-hunt-porto\\\/\",\"name\":\"ESCAPE HUNT PORTO - Porto\",\"isPartOf\":{\"@id\":\"https:\\\/\\\/escapehunt.com\\\/pt\\\/porto\\\/#website\"},\"datePublished\":\"2019-04-02T16:15:41+00:00\",\"dateModified\":\"2024-02-22T17:36:47+00:00\",\"breadcrumb\":{\"@id\":\"https:\\\/\\\/escapehunt.com\\\/pt\\\/porto\\\/escape-hunt-porto\\\/#breadcrumb\"},\"inLanguage\":\"pt-PT\",\"potentialAction\":[{\"@type\":\"ReadAction\",\"target\":[\"https:\\\/\\\/escapehunt.com\\\/pt\\\/porto\\\/escape-hunt-porto\\\/\"]}]},{\"@type\":\"BreadcrumbList\",\"@id\":\"https:\\\/\\\/escapehunt.com\\\/pt\\\/porto\\\/escape-hunt-porto\\\/#breadcrumb\",\"itemListElement\":[{\"@type\":\"ListItem\",\"position\":1,\"name\":\"Home\",\"item\":\"https:\\\/\\\/escapehunt.com\\\/pt\\\/porto\\\/\"},{\"@type\":\"ListItem\",\"position\":2,\"name\":\"ESCAPE HUNT PORTO\"}]},{\"@type\":\"WebSite\",\"@id\":\"https:\\\/\\\/escapehunt.com\\\/pt\\\/porto\\\/#website\",\"url\":\"https:\\\/\\\/escapehunt.com\\\/pt\\\/porto\\\/\",\"name\":\"Porto\",\"description\":\"Escape Hunt Porto - Porto&#039;s Most Exciting Escape Room Experience\",\"potentialAction\":[{\"@type\":\"SearchAction\",\"target\":{\"@type\":\"EntryPoint\",\"urlTemplate\":\"https:\\\/\\\/escapehunt.com\\\/pt\\\/porto\\\/?s={search_term_string}\"},\"query-input\":{\"@type\":\"PropertyValueSpecification\",\"valueRequired\":true,\"valueName\":\"search_term_string\"}}],\"inLanguage\":\"pt-PT\"}]}<\/script>\n<!-- \/ Yoast SEO plugin. -->","yoast_head_json":{"title":"ESCAPE HUNT PORTO - Porto","robots":{"index":"noindex","follow":"follow","max-snippet":"max-snippet:-1","max-image-preview":"max-image-preview:large","max-video-preview":"max-video-preview:-1"},"og_locale":"pt_PT","og_type":"article","og_title":"ESCAPE HUNT PORTO - Porto","og_description":"Dire\u00e7\u00e3o: Pra\u00e7a da Batalha \u2013 depois desce a Rua Alexandre Herculano at\u00e9 ao n\u00famero 251. &nbsp; AUTOCARROS: 305; 400 ; 500 ; 601 ; 700 ; 702 &nbsp; METRO Esta\u00e7\u00e3o&hellip;","og_url":"https:\/\/escapehunt.com\/pt\/porto\/escape-hunt-porto\/","og_site_name":"Porto","article_modified_time":"2024-02-22T17:36:47+00:00","twitter_card":"summary_large_image","twitter_misc":{"Tempo estimado de leitura":"1 minuto"},"schema":{"@context":"https:\/\/schema.org","@graph":[{"@type":"WebPage","@id":"https:\/\/escapehunt.com\/pt\/porto\/escape-hunt-porto\/","url":"https:\/\/escapehunt.com\/pt\/porto\/escape-hunt-porto\/","name":"ESCAPE HUNT PORTO - Porto","isPartOf":{"@id":"https:\/\/escapehunt.com\/pt\/porto\/#website"},"datePublished":"2019-04-02T16:15:41+00:00","dateModified":"2024-02-22T17:36:47+00:00","breadcrumb":{"@id":"https:\/\/escapehunt.com\/pt\/porto\/escape-hunt-porto\/#breadcrumb"},"inLanguage":"pt-PT","potentialAction":[{"@type":"ReadAction","target":["https:\/\/escapehunt.com\/pt\/porto\/escape-hunt-porto\/"]}]},{"@type":"BreadcrumbList","@id":"https:\/\/escapehunt.com\/pt\/porto\/escape-hunt-porto\/#breadcrumb","itemListElement":[{"@type":"ListItem","position":1,"name":"Home","item":"https:\/\/escapehunt.com\/pt\/porto\/"},{"@type":"ListItem","position":2,"name":"ESCAPE HUNT PORTO"}]},{"@type":"WebSite","@id":"https:\/\/escapehunt.com\/pt\/porto\/#website","url":"https:\/\/escapehunt.com\/pt\/porto\/","name":"Porto","description":"Escape Hunt Porto - Porto&#039;s Most Exciting Escape Room Experience","potentialAction":[{"@type":"SearchAction","target":{"@type":"EntryPoint","urlTemplate":"https:\/\/escapehunt.com\/pt\/porto\/?s={search_term_string}"},"query-input":{"@type":"PropertyValueSpecification","valueRequired":true,"valueName":"search_term_string"}}],"inLanguage":"pt-PT"}]}},"custom_schema_json":"","_links":{"self":[{"href":"https:\/\/staging3.escapehunt.com\/pt\/porto\/wp-json\/wp\/v2\/pages\/329","targetHints":{"allow":["GET"]}}],"collection":[{"href":"https:\/\/staging3.escapehunt.com\/pt\/porto\/wp-json\/wp\/v2\/pages"}],"about":[{"href":"https:\/\/staging3.escapehunt.com\/pt\/porto\/wp-json\/wp\/v2\/types\/page"}],"author":[{"embeddable":true,"href":"https:\/\/staging3.escapehunt.com\/pt\/porto\/wp-json\/wp\/v2\/users\/19"}],"replies":[{"embeddable":true,"href":"https:\/\/staging3.escapehunt.com\/pt\/porto\/wp-json\/wp\/v2\/comments?post=329"}],"version-history":[{"count":0,"href":"https:\/\/staging3.escapehunt.com\/pt\/porto\/wp-json\/wp\/v2\/pages\/329\/revisions"}],"wp:attachment":[{"href":"https:\/\/staging3.escapehunt.com\/pt\/porto\/wp-json\/wp\/v2\/media?parent=329"}],"curies":[{"name":"wp","href":"https:\/\/api.w.org\/{rel}","templated":true}]}}